CRAN Package Check Results for Package stringr

Last updated on 2021-06-18 21:53:34 CEST.

Flavor Version Tinstall Tcheck Ttotal Status Flags
r-devel-linux-x86_64-debian-clang 1.4.0 3.41 36.76 40.17 OK
r-devel-linux-x86_64-debian-gcc 1.4.0 2.32 28.93 31.25 OK
r-devel-linux-x86_64-fedora-clang 1.4.0 57.33 NOTE
r-devel-linux-x86_64-fedora-gcc 1.4.0 47.54 NOTE
r-devel-windows-x86_64 1.4.0 5.00 45.00 50.00 OK
r-devel-windows-x86_64-gcc10-UCRT 1.4.0 NOTE
r-patched-linux-x86_64 1.4.0 5.01 35.02 40.03 OK
r-patched-solaris-x86 1.4.0 74.50 NOTE
r-release-linux-x86_64 1.4.0 2.75 35.07 37.82 OK
r-release-macos-arm64 1.4.0 NOTE
r-release-macos-x86_64 1.4.0 ERROR
r-release-windows-ix86+x86_64 1.4.0 7.00 57.00 64.00 OK
r-oldrel-macos-x86_64 1.4.0 NOTE
r-oldrel-windows-ix86+x86_64 1.4.0 5.00 60.00 65.00 OK

Check Details

Version: 1.4.0
Check: data for non-ASCII characters
Result: NOTE
     Note: found 3 marked UTF-8 strings
Flavors: r-devel-linux-x86_64-fedora-clang, r-devel-linux-x86_64-fedora-gcc, r-devel-windows-x86_64-gcc10-UCRT, r-patched-solaris-x86, r-release-macos-arm64, r-release-macos-x86_64, r-oldrel-macos-x86_64

Version: 1.4.0
Check: tests
Result: ERROR
     Running ‘testthat.R’ [1s/2s]
    Running the tests in ‘tests/testthat.R’ failed.
    Last 13 lines of output:
     12. │ └─base::asNamespace(ns)
     13. └─base::loadNamespace(j <- i[[1L]], c(lib.loc, .libPaths()), versionCheck = vI[[j]])
     14. ├─base::namespaceImportFrom(...)
     15. │ └─base::asNamespace(ns)
     16. └─base::loadNamespace(j <- i[[1L]], c(lib.loc, .libPaths()), versionCheck = vI[[j]])
     17. ├─base::namespaceImportFrom(...)
     18. │ └─base::asNamespace(ns)
     19. └─base::loadNamespace(j <- i[[1L]], c(lib.loc, .libPaths()), versionCheck = vI[[j]])
     20. └─base::withRestarts(stop(cond), retry_loadNamespace = function() NULL)
     21. └─base:::withOneRestart(expr, restarts[[1L]])
     22. └─base:::doWithOneRestart(return(expr), restart)
    
     [ FAIL 4 | WARN 0 | SKIP 0 | PASS 216 ]
     Error: Test failures
     Execution halted
Flavor: r-release-macos-x86_64