CRAN Package Check Results for Package stringformattr

Last updated on 2021-07-26 19:49:40 CEST.

Flavor Version Tinstall Tcheck Ttotal Status Flags
r-devel-linux-x86_64-debian-clang 0.1.2 1.88 21.07 22.95 NOTE
r-devel-linux-x86_64-debian-gcc 0.1.2 1.46 17.12 18.58 NOTE
r-devel-linux-x86_64-fedora-clang 0.1.2 37.98 NOTE
r-devel-linux-x86_64-fedora-gcc 0.1.2 26.88 NOTE
r-devel-windows-x86_64 0.1.2 4.00 30.00 34.00 NOTE
r-devel-windows-x86_64-gcc10-UCRT 0.1.2 NOTE
r-patched-linux-x86_64 0.1.2 1.48 20.50 21.98 NOTE
r-patched-solaris-x86 0.1.2 45.70 NOTE
r-release-linux-x86_64 0.1.2 1.83 20.65 22.48 NOTE
r-release-macos-arm64 0.1.2 NOTE
r-release-macos-x86_64 0.1.2 NOTE
r-release-windows-ix86+x86_64 0.1.2 4.00 30.00 34.00 NOTE
r-oldrel-macos-x86_64 0.1.2 OK
r-oldrel-windows-ix86+x86_64 0.1.2 4.00 35.00 39.00 OK

Check Details

Version: 0.1.2
Check: LazyData
Result: NOTE
     'LazyData' is specified without a 'data' directory
Flavors: r-devel-linux-x86_64-debian-clang, r-devel-linux-x86_64-debian-gcc, r-devel-linux-x86_64-fedora-clang, r-devel-linux-x86_64-fedora-gcc, r-devel-windows-x86_64, r-devel-windows-x86_64-gcc10-UCRT, r-patched-linux-x86_64, r-patched-solaris-x86, r-release-linux-x86_64, r-release-macos-arm64, r-release-macos-x86_64, r-release-windows-ix86+x86_64