CRAN Package Check Results for Package stringfish

Last updated on 2021-10-27 16:49:20 CEST.

Flavor Version Tinstall Tcheck Ttotal Status Flags
r-devel-linux-x86_64-debian-clang 0.15.4 29.24 133.65 162.89 NOTE
r-devel-linux-x86_64-debian-gcc 0.15.4 24.49 96.95 121.44 NOTE
r-devel-linux-x86_64-fedora-clang 0.15.4 240.30 NOTE
r-devel-linux-x86_64-fedora-gcc 0.15.4 224.66 NOTE
r-devel-windows-x86_64 0.15.4 65.00 195.00 260.00 NOTE
r-devel-windows-x86_64-gcc10-UCRT 0.15.4 NOTE
r-patched-linux-x86_64 0.15.4 30.18 131.63 161.81 NOTE
r-patched-solaris-x86 0.15.4 328.20 NOTE
r-release-linux-x86_64 0.15.4 28.04 128.57 156.61 NOTE
r-release-macos-arm64 0.15.4 NOTE
r-release-macos-x86_64 0.15.4 NOTE
r-release-windows-ix86+x86_64 0.15.4 111.00 245.00 356.00 NOTE
r-oldrel-macos-x86_64 0.15.4 NOTE
r-oldrel-windows-ix86+x86_64 0.15.4 117.00 274.00 391.00 NOTE

Check Details

Version: 0.15.4
Check: for GNU extensions in Makefiles
Result: NOTE
    GNU make is a SystemRequirements.
Flavors: r-devel-linux-x86_64-debian-clang, r-devel-linux-x86_64-debian-gcc, r-devel-linux-x86_64-fedora-clang, r-devel-linux-x86_64-fedora-gcc, r-devel-windows-x86_64, r-devel-windows-x86_64-gcc10-UCRT, r-patched-linux-x86_64, r-patched-solaris-x86, r-release-linux-x86_64, r-release-macos-arm64, r-release-macos-x86_64, r-release-windows-ix86+x86_64, r-oldrel-macos-x86_64, r-oldrel-windows-ix86+x86_64

Version: 0.15.4
Check: installed package size
Result: NOTE
     installed size is 6.5Mb
     sub-directories of 1Mb or more:
     libs 6.0Mb
Flavors: r-release-macos-x86_64, r-oldrel-macos-x86_64