Last updated on 2022-05-23 14:53:40 CEST.
Flavor | Version | Tinstall | Tcheck | Ttotal | Status | Flags |
---|---|---|---|---|---|---|
r-devel-linux-x86_64-debian-clang | 1.0 | 1.87 | 32.74 | 34.61 | OK | |
r-devel-linux-x86_64-debian-gcc | 1.0 | 1.69 | 25.33 | 27.02 | OK | |
r-devel-linux-x86_64-fedora-clang | 1.0 | 44.12 | NOTE | |||
r-devel-linux-x86_64-fedora-gcc | 1.0 | 30.86 | NOTE | |||
r-devel-windows-x86_64 | 1.0 | 24.00 | 50.00 | 74.00 | OK | |
r-patched-linux-x86_64 | 1.0 | 2.12 | 31.79 | 33.91 | OK | |
r-release-linux-x86_64 | 1.0 | OK | ||||
r-release-macos-arm64 | 1.0 | 14.00 | NOTE | |||
r-release-macos-x86_64 | 1.0 | 23.00 | NOTE | |||
r-release-windows-x86_64 | 1.0 | 23.00 | 50.00 | 73.00 | OK | |
r-oldrel-macos-arm64 | 1.0 | 22.00 | NOTE | |||
r-oldrel-macos-x86_64 | 1.0 | 26.00 | NOTE | |||
r-oldrel-windows-ix86+x86_64 | 1.0 | 5.00 | 42.00 | 47.00 | OK |
Version: 1.0
Check: dependencies in R code
Result: NOTE
Namespace in Imports field not imported from: ‘sna’
All declared Imports should be used.
Flavors: r-devel-linux-x86_64-fedora-clang, r-devel-linux-x86_64-fedora-gcc, r-release-macos-arm64, r-release-macos-x86_64, r-oldrel-macos-arm64, r-oldrel-macos-x86_64