CRAN Package Check Results for Package stratEst

Last updated on 2022-08-14 21:53:23 CEST.

Flavor Version Tinstall Tcheck Ttotal Status Flags
r-devel-linux-x86_64-debian-clang 1.1.4 133.28 62.38 195.66 OK
r-devel-linux-x86_64-debian-gcc 1.1.4 109.98 46.43 156.41 OK
r-devel-linux-x86_64-fedora-clang 1.1.4 301.02 NOTE
r-devel-linux-x86_64-fedora-gcc 1.1.4 254.88 OK
r-devel-windows-x86_64 1.1.4 131.00 104.00 235.00 OK
r-patched-linux-x86_64 1.1.4 107.17 59.31 166.48 OK
r-release-linux-x86_64 1.1.4 110.11 58.53 168.64 OK
r-release-macos-arm64 1.1.4 78.00 NOTE
r-release-macos-x86_64 1.1.4 87.00 NOTE
r-release-windows-x86_64 1.1.4 115.00 110.00 225.00 OK
r-oldrel-macos-arm64 1.1.4 86.00 NOTE
r-oldrel-macos-x86_64 1.1.4 89.00 NOTE
r-oldrel-windows-ix86+x86_64 1.1.4 259.00 119.00 378.00 OK

Check Details

Version: 1.1.4
Check: installed package size
Result: NOTE
     installed size is 7.8Mb
     sub-directories of 1Mb or more:
     libs 6.5Mb
Flavors: r-devel-linux-x86_64-fedora-clang, r-release-macos-arm64, r-release-macos-x86_64, r-oldrel-macos-arm64, r-oldrel-macos-x86_64