CRAN Package Check Results for Package strat

Last updated on 2022-01-25 12:55:49 CET.

Flavor Version Tinstall Tcheck Ttotal Status Flags
r-devel-linux-x86_64-debian-clang 0.1 27.45 46.10 73.55 OK
r-devel-linux-x86_64-debian-gcc 0.1 20.73 36.49 57.22 OK
r-devel-linux-x86_64-fedora-clang 0.1 102.05 NOTE
r-devel-linux-x86_64-fedora-gcc 0.1 85.51 NOTE
r-devel-windows-x86_64-new-UL 0.1 32.00 85.00 117.00 OK
r-devel-windows-x86_64-new-TK 0.1 OK
r-patched-linux-x86_64 0.1 23.25 42.94 66.19 OK
r-release-linux-x86_64 0.1 19.94 43.16 63.10 OK
r-release-macos-arm64 0.1 OK
r-release-macos-x86_64 0.1 OK
r-release-windows-ix86+x86_64 0.1 75.00 85.00 160.00 OK
r-oldrel-macos-x86_64 0.1 OK
r-oldrel-windows-ix86+x86_64 0.1 74.00 83.00 157.00 OK

Check Details

Version: 0.1
Check: compiled code
Result: NOTE
    File ‘strat/libs/strat.so’:
     Found no calls to: ‘R_registerRoutines’, ‘R_useDynamicSymbols’
    
    It is good practice to register native routines and to disable symbol
    search.
    
    See ‘Writing portable packages’ in the ‘Writing R Extensions’ manual.
Flavors: r-devel-linux-x86_64-fedora-clang, r-devel-linux-x86_64-fedora-gcc