CRAN Package Check Results for Package strand

Last updated on 2021-12-03 11:52:05 CET.

Flavor Version Tinstall Tcheck Ttotal Status Flags
r-devel-linux-x86_64-debian-clang 0.2.0 18.04 226.99 245.03 OK
r-devel-linux-x86_64-debian-gcc 0.2.0 14.45 170.68 185.13 ERROR
r-devel-linux-x86_64-fedora-clang 0.2.0 304.11 NOTE
r-devel-linux-x86_64-fedora-gcc 0.2.0 291.10 NOTE
r-devel-windows-x86_64-new-UL 0.2.0 33.00 280.00 313.00 OK
r-devel-windows-x86_64-new-TK 0.2.0 NOTE
r-devel-windows-x86_64-old 0.2.0 28.00 204.00 232.00 OK
r-patched-linux-x86_64 0.2.0 18.40 211.90 230.30 OK
r-release-linux-x86_64 0.2.0 18.92 216.55 235.47 OK
r-release-macos-arm64 0.2.0 NOTE
r-release-macos-x86_64 0.2.0 NOTE
r-release-windows-ix86+x86_64 0.2.0 38.00 261.00 299.00 OK
r-oldrel-macos-x86_64 0.2.0 NOTE
r-oldrel-windows-ix86+x86_64 0.2.0 37.00 275.00 312.00 OK

Check Details

Version: 0.2.0
Check: tests
Result: ERROR
     Running ‘testthat.R’ [28s/47s]
    Running the tests in ‘tests/testthat.R’ failed.
    Complete output:
     > library(testthat)
     > library(strand)
     > library(dplyr)
    
     Attaching package: 'dplyr'
    
     The following object is masked from 'package:testthat':
    
     matches
    
     The following objects are masked from 'package:stats':
    
     filter, lag
    
     The following objects are masked from 'package:base':
    
     intersect, setdiff, setequal, union
    
     >
     > test_check("strand")
     ══ Failed tests ════════════════════════════════════════════════════════════════
     ── Error (test_normalize.R:96:3): adj_var with one variable ────────────────────
     Error in `normalize(df, in_var = "x", adj_var = "w")`: is.null(in_var) && is.null(within_var) && is.null(adj_var) is not TRUE
     Backtrace:
     █
     1. └─strand:::normalize(df, in_var = "x", adj_var = "w") test_normalize.R:96:2
     2. └─base::stopifnot(is.null(in_var) && is.null(within_var) && is.null(adj_var))
     ── Error (test_normalize.R:121:1): (code run outside of `test_that()`) ─────────
     Error in `normalize(data.frame(x = c(10, 1, 100)), in_var = "x")`: is.null(in_var) && is.null(within_var) && is.null(adj_var) is not TRUE
     Backtrace:
     █
     1. ├─testthat::expect_equal(...) test_normalize.R:121:0
     2. │ └─testthat::quasi_label(enquo(object), label, arg = "object")
     3. │ └─rlang::eval_bare(expr, quo_get_env(quo))
     4. └─strand:::normalize(data.frame(x = c(10, 1, 100)), in_var = "x")
     5. └─base::stopifnot(is.null(in_var) && is.null(within_var) && is.null(adj_var))
    
     [ FAIL 2 | WARN 1 | SKIP 0 | PASS 74 ]
     Error: Test failures
     Execution halted
Flavor: r-devel-linux-x86_64-debian-gcc

Version: 0.2.0
Check: data for non-ASCII characters
Result: NOTE
     Note: found 1 marked UTF-8 string
Flavors: r-devel-linux-x86_64-fedora-clang, r-devel-linux-x86_64-fedora-gcc, r-devel-windows-x86_64-new-TK, r-release-macos-arm64, r-release-macos-x86_64, r-oldrel-macos-x86_64

Version: 0.2.0
Check: package dependencies
Result: NOTE
    Package suggested but not available for checking: ‘Rsymphony’
Flavors: r-release-macos-arm64, r-oldrel-macos-x86_64