CRAN Package Check Results for Package stpm

Last updated on 2021-09-24 16:50:19 CEST.

Flavor Version Tinstall Tcheck Ttotal Status Flags
r-devel-linux-x86_64-debian-clang 1.7.10 244.63 461.80 706.43 OK
r-devel-linux-x86_64-debian-gcc 1.7.10 158.71 319.55 478.26 OK
r-devel-linux-x86_64-fedora-clang 1.7.10 907.35 NOTE
r-devel-linux-x86_64-fedora-gcc 1.7.10 836.14 OK
r-devel-windows-x86_64 1.7.10 208.00 406.00 614.00 OK
r-devel-windows-x86_64-gcc10-UCRT 1.7.10 OK
r-patched-linux-x86_64 1.7.10 191.10 420.70 611.80 OK
r-patched-solaris-x86 1.7.10 931.00 OK
r-release-linux-x86_64 1.7.10 188.36 423.75 612.11 OK
r-release-macos-arm64 1.7.10 NOTE
r-release-macos-x86_64 1.7.10 NOTE
r-release-windows-ix86+x86_64 1.7.10 499.00 398.00 897.00 NOTE
r-oldrel-macos-x86_64 1.7.10 NOTE
r-oldrel-windows-ix86+x86_64 1.7.10 358.00 386.00 744.00 NOTE

Check Details

Version: 1.7.10
Check: installed package size
Result: NOTE
     installed size is 9.2Mb
     sub-directories of 1Mb or more:
     libs 6.8Mb
Flavors: r-devel-linux-x86_64-fedora-clang, r-release-macos-arm64, r-release-macos-x86_64, r-release-windows-ix86+x86_64, r-oldrel-macos-x86_64, r-oldrel-windows-ix86+x86_64