CRAN Package Check Results for Package stopwords

Last updated on 2024-05-20 05:49:47 CEST.

Flavor Version Tinstall Tcheck Ttotal Status Flags
r-devel-linux-x86_64-debian-clang 2.3 2.68 26.47 29.15 OK
r-devel-linux-x86_64-debian-gcc 2.3 1.92 20.72 22.64 OK
r-devel-linux-x86_64-fedora-clang 2.3 37.21 NOTE
r-devel-linux-x86_64-fedora-gcc 2.3 40.47 NOTE
r-devel-windows-x86_64 2.3 4.00 45.00 49.00 OK
r-patched-linux-x86_64 2.3 2.32 26.22 28.54 OK
r-release-linux-x86_64 2.3 2.61 25.58 28.19 OK
r-release-macos-arm64 2.3 16.00 OK
r-release-windows-x86_64 2.3 6.00 45.00 51.00 OK
r-oldrel-macos-arm64 2.3 18.00 OK
r-oldrel-macos-x86_64 2.3 25.00 OK
r-oldrel-windows-x86_64 2.3 4.00 50.00 54.00 OK

Check Details

Version: 2.3
Check: data for non-ASCII characters
Result: NOTE Note: found 22806 marked UTF-8 strings Flavors: r-devel-linux-x86_64-fedora-clang, r-devel-linux-x86_64-fedora-gcc