CRAN Package Check Results for Package stminsights

Last updated on 2021-07-23 07:50:04 CEST.

Flavor Version Tinstall Tcheck Ttotal Status Flags
r-devel-linux-x86_64-debian-clang 0.4.1 14.11 124.95 139.06 OK
r-devel-linux-x86_64-debian-gcc 0.4.1 0.34 2.21 2.55 ERROR
r-devel-linux-x86_64-fedora-clang 0.4.1 13.31 ERROR
r-devel-linux-x86_64-fedora-gcc 0.4.1 2.80 ERROR
r-devel-windows-x86_64 0.4.1 17.00 106.00 123.00 OK
r-devel-windows-x86_64-gcc10-UCRT 0.4.1 NOTE
r-patched-linux-x86_64 0.4.1 11.26 118.71 129.97 OK
r-patched-solaris-x86 0.4.1 242.80 NOTE
r-release-linux-x86_64 0.4.1 9.68 118.72 128.40 OK
r-release-macos-arm64 0.4.1 NOTE
r-release-macos-x86_64 0.4.1 NOTE
r-release-windows-ix86+x86_64 0.4.1 29.00 147.00 176.00 OK
r-oldrel-macos-x86_64 0.4.1 NOTE
r-oldrel-windows-ix86+x86_64 0.4.1 20.00 139.00 159.00 OK

Check Details

Version: 0.4.1
Check: package dependencies
Result: ERROR
    Package required but not available: ‘stm’
    
    Package suggested but not available for checking: ‘quanteda’
    
    See section ‘The DESCRIPTION file’ in the ‘Writing R Extensions’
    manual.
Flavors: r-devel-linux-x86_64-debian-gcc, r-devel-linux-x86_64-fedora-clang, r-devel-linux-x86_64-fedora-gcc

Version: 0.4.1
Check: dependencies in R code
Result: NOTE
    Namespaces in Imports field not imported from:
     'huge' 'readr' 'scales' 'shinyjs'
     All declared Imports should be used.
Flavors: r-devel-windows-x86_64-gcc10-UCRT, r-patched-solaris-x86, r-release-macos-arm64, r-release-macos-x86_64, r-oldrel-macos-x86_64