CRAN Package Check Results for Package stlplus

Last updated on 2022-07-05 05:53:03 CEST.

Flavor Version Tinstall Tcheck Ttotal Status Flags
r-devel-linux-x86_64-debian-clang 0.5.1 34.95 42.23 77.18 NOTE
r-devel-linux-x86_64-debian-gcc 0.5.1 25.69 32.32 58.01 NOTE
r-devel-linux-x86_64-fedora-clang 0.5.1 116.48 NOTE
r-devel-linux-x86_64-fedora-gcc 0.5.1 101.45 NOTE
r-devel-windows-x86_64 0.5.1 34.00 82.00 116.00 NOTE
r-patched-linux-x86_64 0.5.1 28.96 40.72 69.68 NOTE
r-release-linux-x86_64 0.5.1 26.10 40.65 66.75 NOTE
r-release-macos-arm64 0.5.1 28.00 NOTE
r-release-macos-x86_64 0.5.1 43.00 NOTE
r-release-windows-x86_64 0.5.1 35.00 85.00 120.00 NOTE
r-oldrel-macos-arm64 0.5.1 31.00 NOTE
r-oldrel-macos-x86_64 0.5.1 56.00 NOTE
r-oldrel-windows-ix86+x86_64 0.5.1 79.00 90.00 169.00 NOTE

Check Details

Version: 0.5.1
Check: LazyData
Result: NOTE
     'LazyData' is specified without a 'data' directory
Flavors: r-devel-linux-x86_64-debian-clang, r-devel-linux-x86_64-debian-gcc, r-devel-linux-x86_64-fedora-clang, r-devel-linux-x86_64-fedora-gcc, r-devel-windows-x86_64, r-patched-linux-x86_64, r-release-linux-x86_64, r-release-macos-arm64, r-release-macos-x86_64, r-release-windows-x86_64, r-oldrel-macos-arm64, r-oldrel-macos-x86_64, r-oldrel-windows-ix86+x86_64

Version: 0.5.1
Check: compiled code
Result: NOTE
    File ‘stlplus/libs/stlplus.so’:
     Found no calls to: ‘R_registerRoutines’, ‘R_useDynamicSymbols’
    
    It is good practice to register native routines and to disable symbol
    search.
    
    See ‘Writing portable packages’ in the ‘Writing R Extensions’ manual.
Flavors: r-devel-linux-x86_64-fedora-clang, r-devel-linux-x86_64-fedora-gcc