CRAN Package Check Results for Package stickr

Last updated on 2021-07-25 07:50:19 CEST.

Flavor Version Tinstall Tcheck Ttotal Status Flags
r-devel-linux-x86_64-debian-clang 0.3.1 2.06 24.74 26.80 NOTE
r-devel-linux-x86_64-debian-gcc 0.3.1 1.75 20.01 21.76 NOTE
r-devel-linux-x86_64-fedora-clang 0.3.1 41.01 NOTE
r-devel-linux-x86_64-fedora-gcc 0.3.1 30.47 NOTE
r-devel-windows-x86_64 0.3.1 4.00 35.00 39.00 NOTE
r-devel-windows-x86_64-gcc10-UCRT 0.3.1 NOTE
r-patched-linux-x86_64 0.3.1 2.16 24.17 26.33 NOTE
r-patched-solaris-x86 0.3.1 49.50 NOTE
r-release-linux-x86_64 0.3.1 1.98 23.89 25.87 NOTE
r-release-macos-arm64 0.3.1 NOTE
r-release-macos-x86_64 0.3.1 NOTE
r-release-windows-ix86+x86_64 0.3.1 7.00 44.00 51.00 NOTE
r-oldrel-macos-x86_64 0.3.1 OK
r-oldrel-windows-ix86+x86_64 0.3.1 6.00 42.00 48.00 OK

Check Details

Version: 0.3.1
Check: LazyData
Result: NOTE
     'LazyData' is specified without a 'data' directory
Flavors: r-devel-linux-x86_64-debian-clang, r-devel-linux-x86_64-debian-gcc, r-devel-linux-x86_64-fedora-clang, r-devel-linux-x86_64-fedora-gcc, r-devel-windows-x86_64, r-devel-windows-x86_64-gcc10-UCRT, r-patched-linux-x86_64, r-patched-solaris-x86, r-release-linux-x86_64, r-release-macos-arm64, r-release-macos-x86_64, r-release-windows-ix86+x86_64