Last updated on 2022-07-01 17:54:20 CEST.
Flavor | Version | Tinstall | Tcheck | Ttotal | Status | Flags |
---|---|---|---|---|---|---|
r-devel-linux-x86_64-debian-clang | 0.99.8 | 66.17 | 288.16 | 354.33 | WARN | |
r-devel-linux-x86_64-debian-gcc | 0.99.8 | 56.97 | 218.83 | 275.80 | OK | |
r-devel-linux-x86_64-fedora-clang | 0.99.8 | 443.45 | WARN | |||
r-devel-linux-x86_64-fedora-gcc | 0.99.8 | 461.59 | OK | |||
r-devel-windows-x86_64 | 0.99.8 | 61.00 | 289.00 | 350.00 | OK | |
r-patched-linux-x86_64 | 0.99.8 | 63.59 | 281.18 | 344.77 | OK | |
r-release-linux-x86_64 | 0.99.8 | 59.08 | 278.32 | 337.40 | OK | |
r-release-macos-arm64 | 0.99.8 | 89.00 | OK | |||
r-release-macos-x86_64 | 0.99.8 | 166.00 | OK | |||
r-release-windows-x86_64 | 0.99.8 | 61.00 | 296.00 | 357.00 | OK | |
r-oldrel-macos-arm64 | 0.99.8 | 108.00 | OK | |||
r-oldrel-macos-x86_64 | 0.99.8 | 193.00 | OK | |||
r-oldrel-windows-ix86+x86_64 | 0.99.8 | 151.00 | 389.00 | 540.00 | OK |
Version: 0.99.8
Check: whether package can be installed
Result: WARN
Found the following significant warnings:
rcpp_cov_est1d.cpp:45:8: warning: use of bitwise '&' with boolean operands [-Wbitwise-instead-of-logical]
rcpp_cov_est1d.cpp:50:14: warning: use of bitwise '&' with boolean operands [-Wbitwise-instead-of-logical]
Flavors: r-devel-linux-x86_64-debian-clang, r-devel-linux-x86_64-fedora-clang