CRAN Package Check Results for Package stevemisc

Last updated on 2021-12-06 23:51:02 CET.

Flavor Version Tinstall Tcheck Ttotal Status Flags
r-devel-linux-x86_64-debian-clang 1.3.0 14.75 127.47 142.22 OK
r-devel-linux-x86_64-debian-gcc 1.3.0 12.50 96.89 109.39 OK
r-devel-linux-x86_64-fedora-clang 1.3.0 172.61 NOTE
r-devel-linux-x86_64-fedora-gcc 1.3.0 156.76 NOTE
r-devel-windows-x86_64-new-UL 1.3.0 27.00 169.00 196.00 OK
r-devel-windows-x86_64-new-TK 1.3.0 NOTE
r-devel-windows-x86_64-old 1.3.0 24.00 109.00 133.00 OK
r-patched-linux-x86_64 1.3.0 13.01 112.04 125.05 OK
r-release-linux-x86_64 1.3.0 12.52 119.45 131.97 OK
r-release-macos-arm64 1.3.0 NOTE
r-release-macos-x86_64 1.3.0 NOTE
r-release-windows-ix86+x86_64 1.3.0 33.00 148.00 181.00 OK
r-oldrel-macos-x86_64 1.3.0 NOTE
r-oldrel-windows-ix86+x86_64 1.3.0 33.00 147.00 180.00 OK

Check Details

Version: 1.3.0
Check: data for non-ASCII characters
Result: NOTE
     Note: found 1 marked UTF-8 string
Flavors: r-devel-linux-x86_64-fedora-clang, r-devel-linux-x86_64-fedora-gcc, r-devel-windows-x86_64-new-TK, r-release-macos-arm64, r-release-macos-x86_64, r-oldrel-macos-x86_64