CRAN Package Check Results for Package stepPenal

Last updated on 2021-12-03 11:52:05 CET.

Flavor Version Tinstall Tcheck Ttotal Status Flags
r-devel-linux-x86_64-debian-clang 0.2 3.59 28.80 32.39 NOTE
r-devel-linux-x86_64-debian-gcc 0.2 2.47 22.49 24.96 NOTE
r-devel-linux-x86_64-fedora-clang 0.2 48.86 NOTE
r-devel-linux-x86_64-fedora-gcc 0.2 38.47 NOTE
r-devel-windows-x86_64-new-UL 0.2 9.00 64.00 73.00 NOTE
r-devel-windows-x86_64-new-TK 0.2 NOTE
r-devel-windows-x86_64-old 0.2 7.00 35.00 42.00 NOTE
r-patched-linux-x86_64 0.2 3.41 27.29 30.70 NOTE
r-patched-solaris-x86 0.2 56.00 NOTE
r-release-linux-x86_64 0.2 3.03 27.14 30.17 NOTE
r-release-macos-arm64 0.2 NOTE
r-release-macos-x86_64 0.2 NOTE
r-release-windows-ix86+x86_64 0.2 8.00 44.00 52.00 NOTE
r-oldrel-macos-x86_64 0.2 OK
r-oldrel-windows-ix86+x86_64 0.2 8.00 47.00 55.00 OK

Check Details

Version: 0.2
Check: LazyData
Result: NOTE
     'LazyData' is specified without a 'data' directory
Flavors: r-devel-linux-x86_64-debian-clang, r-devel-linux-x86_64-debian-gcc, r-devel-linux-x86_64-fedora-clang, r-devel-linux-x86_64-fedora-gcc, r-devel-windows-x86_64-new-UL, r-devel-windows-x86_64-new-TK, r-devel-windows-x86_64-old, r-patched-linux-x86_64, r-patched-solaris-x86, r-release-linux-x86_64, r-release-macos-arm64, r-release-macos-x86_64, r-release-windows-ix86+x86_64