CRAN Package Check Results for Package steadyICA

Last updated on 2021-07-25 07:50:19 CEST.

Flavor Version Tinstall Tcheck Ttotal Status Flags
r-devel-linux-x86_64-debian-clang 1.0 14.79 48.73 63.52 OK
r-devel-linux-x86_64-debian-gcc 1.0 9.54 38.16 47.70 OK
r-devel-linux-x86_64-fedora-clang 1.0 86.57 NOTE
r-devel-linux-x86_64-fedora-gcc 1.0 74.93 NOTE
r-devel-windows-x86_64 1.0 17.00 61.00 78.00 OK
r-devel-windows-x86_64-gcc10-UCRT 1.0 OK
r-patched-linux-x86_64 1.0 12.86 47.07 59.93 OK
r-patched-solaris-x86 1.0 106.30 OK
r-release-linux-x86_64 1.0 12.01 46.85 58.86 OK
r-release-macos-arm64 1.0 OK
r-release-macos-x86_64 1.0 OK
r-release-windows-ix86+x86_64 1.0 36.00 84.00 120.00 OK
r-oldrel-macos-x86_64 1.0 OK
r-oldrel-windows-ix86+x86_64 1.0 42.00 86.00 128.00 OK

Check Details

Version: 1.0
Check: compiled code
Result: NOTE
    File ‘steadyICA/libs/steadyICA.so’:
     Found no calls to: ‘R_registerRoutines’, ‘R_useDynamicSymbols’
    
    It is good practice to register native routines and to disable symbol
    search.
    
    See ‘Writing portable packages’ in the ‘Writing R Extensions’ manual.
Flavors: r-devel-linux-x86_64-fedora-clang, r-devel-linux-x86_64-fedora-gcc