CRAN Package Check Results for Package statsExpressions

Last updated on 2021-10-21 04:58:47 CEST.

Flavor Version Tinstall Tcheck Ttotal Status Flags
r-devel-linux-x86_64-debian-clang 1.1.0 13.46 431.76 445.22 ERROR
r-devel-linux-x86_64-debian-gcc 1.2.0 5.05 272.50 277.55 OK
r-devel-linux-x86_64-fedora-clang 1.2.0 461.87 OK
r-devel-linux-x86_64-fedora-gcc 1.2.0 462.57 OK
r-devel-windows-x86_64 1.1.0 21.00 285.00 306.00 ERROR
r-devel-windows-x86_64-gcc10-UCRT 1.2.0 OK
r-patched-linux-x86_64 1.1.0 12.27 403.03 415.30 ERROR
r-patched-solaris-x86 1.2.0 481.20 OK
r-release-linux-x86_64 1.2.0 4.76 362.84 367.60 OK
r-release-macos-arm64 1.1.0 OK
r-release-macos-x86_64 1.1.0 OK
r-release-windows-ix86+x86_64 1.1.0 33.00 330.00 363.00 ERROR
r-oldrel-macos-x86_64 1.1.0 OK
r-oldrel-windows-ix86+x86_64 1.1.0 32.00 342.00 374.00 ERROR

Check Details

Version: 1.1.0
Check: tests
Result: ERROR
     Running 'spelling.R' [0s/1s]
     Running 'testthat.R' [315s/196s]
    Running the tests in 'tests/testthat.R' failed.
    Complete output:
     > library(testthat)
     > library(statsExpressions)
     >
     > test_check("statsExpressions")
     Starting 2 test processes
     == Skipped tests ===============================================================
     * On CRAN (39)
     * empty test (1)
    
     == Failed tests ================================================================
     -- Error (test-grouped_dataframes.R:39:5): results don't differ for grouped versus ungrouped --
     Error: Cramer's V not applicable to goodness-of-fit tests.
     Backtrace:
     x
     1. +-testthat::expect_equal(...)
     2. | \-testthat::quasi_label(enquo(object), label, arg = "object")
     3. | \-rlang::eval_bare(expr, quo_get_env(quo))
     4. +-statsExpressions::contingency_table(mtcars, cyl)
     5. | +-`%>%`(...)
     6. | +-rlang::exec(.f.es, adjust = TRUE, ci = conf.level, !!!.f.args)
     7. | \-(function (x, y = NULL, ci = 0.95, alternative = "greater", adjust = FALSE, ...
     8. | +-effectsize::effectsize(...)
     9. | \-effectsize:::effectsize.htest(...)
     10. | \-effectsize:::f(...)
     11. +-statsExpressions::tidy_model_effectsize(.)
     12. | +-dplyr::bind_cols(...)
     13. | | \-rlang::list2(...)
     14. | \-`%>%`(...)
     15. +-tibble::as_tibble(.)
     16. +-dplyr::select(., -dplyr::contains("term"))
     17. +-parameters::standardize_names(., style = "broom")
     18. \-dplyr::mutate(., effectsize = stats::na.omit(effectsize::get_effectsize_label(colnames(.)))[[1]])
     -- Error (test-loop_execution.R:44:5): contingency_table works in loop ---------
     Error: Cramer's V not applicable to goodness-of-fit tests.
     Backtrace:
     x
     1. +-utils::capture.output(...)
     2. | \-base::withVisible(...elt(i))
     3. +-base::print(contingency_table(data = mtcars, x = col.name[i]))
     4. +-statsExpressions::contingency_table(data = mtcars, x = col.name[i])
     5. | +-`%>%`(...)
     6. | +-rlang::exec(.f.es, adjust = TRUE, ci = conf.level, !!!.f.args)
     7. | \-(function (x, y = NULL, ci = 0.95, alternative = "greater", adjust = FALSE, ...
     8. | +-effectsize::effectsize(...)
     9. | \-effectsize:::effectsize.htest(...)
     10. | \-effectsize:::f(...)
     11. +-statsExpressions::tidy_model_effectsize(.)
     12. | +-dplyr::bind_cols(...)
     13. | | \-rlang::list2(...)
     14. | \-`%>%`(...)
     15. +-tibble::as_tibble(.)
     16. +-dplyr::select(., -dplyr::contains("term"))
     17. +-parameters::standardize_names(., style = "broom")
     18. \-dplyr::mutate(., effectsize = stats::na.omit(effectsize::get_effectsize_label(colnames(.)))[[1]])
     -- Error (test-contingency_table.R:145:5): Goodness of Fit contingency_table works without counts --
     Error: Cramer's V not applicable to goodness-of-fit tests.
     Backtrace:
     x
     1. +-base::suppressWarnings(...)
     2. | \-base::withCallingHandlers(...)
     3. +-statsExpressions::contingency_table(...)
     4. | +-`%>%`(...)
     5. | +-rlang::exec(.f.es, adjust = TRUE, ci = conf.level, !!!.f.args)
     6. | \-(function (x, y = NULL, ci = 0.95, alternative = "greater", adjust = FALSE, ...
     7. | +-effectsize::effectsize(...)
     8. | \-effectsize:::effectsize.htest(...)
     9. | \-effectsize:::f(...)
     10. +-statsExpressions::tidy_model_effectsize(.)
     11. | +-dplyr::bind_cols(...)
     12. | | \-rlang::list2(...)
     13. | \-`%>%`(...)
     14. +-tibble::as_tibble(.)
     15. +-dplyr::select(., -dplyr::contains("term"))
     16. +-parameters::standardize_names(., style = "broom")
     17. \-dplyr::mutate(., effectsize = stats::na.omit(effectsize::get_effectsize_label(colnames(.)))[[1]])
    
     [ FAIL 3 | WARN 0 | SKIP 40 | PASS 33 ]
     Error: Test failures
     Execution halted
Flavor: r-devel-linux-x86_64-debian-clang

Version: 1.1.0
Check: tests
Result: ERROR
     Running 'spelling.R' [0s]
     Running 'testthat.R' [160s]
    Running the tests in 'tests/testthat.R' failed.
    Complete output:
     > library(testthat)
     > library(statsExpressions)
     >
     > test_check("statsExpressions")
     Starting 2 test processes
     == Skipped tests ===============================================================
     * On CRAN (39)
     * empty test (1)
    
     == Failed tests ================================================================
     -- Error (test-grouped_dataframes.R:39:5): results don't differ for grouped versus ungrouped --
     Error: Cramer's V not applicable to goodness-of-fit tests.
     Backtrace:
     x
     1. +-testthat::expect_equal(...)
     2. | \-testthat::quasi_label(enquo(object), label, arg = "object")
     3. | \-rlang::eval_bare(expr, quo_get_env(quo))
     4. +-statsExpressions::contingency_table(mtcars, cyl)
     5. | +-`%>%`(...)
     6. | +-rlang::exec(.f.es, adjust = TRUE, ci = conf.level, !!!.f.args)
     7. | \-(function (x, y = NULL, ci = 0.95, alternative = "greater", adjust = FALSE, ...
     8. | +-effectsize::effectsize(...)
     9. | \-effectsize:::effectsize.htest(...)
     10. | \-effectsize:::f(...)
     11. +-statsExpressions::tidy_model_effectsize(.)
     12. | +-dplyr::bind_cols(...)
     13. | | \-rlang::list2(...)
     14. | \-`%>%`(...)
     15. +-tibble::as_tibble(.)
     16. +-dplyr::select(., -dplyr::contains("term"))
     17. +-parameters::standardize_names(., style = "broom")
     18. \-dplyr::mutate(., effectsize = stats::na.omit(effectsize::get_effectsize_label(colnames(.)))[[1]])
     -- Error (test-loop_execution.R:44:5): contingency_table works in loop ---------
     Error: Cramer's V not applicable to goodness-of-fit tests.
     Backtrace:
     x
     1. +-utils::capture.output(...)
     2. | \-base::withVisible(...elt(i))
     3. +-base::print(contingency_table(data = mtcars, x = col.name[i]))
     4. +-statsExpressions::contingency_table(data = mtcars, x = col.name[i])
     5. | +-`%>%`(...)
     6. | +-rlang::exec(.f.es, adjust = TRUE, ci = conf.level, !!!.f.args)
     7. | \-(function (x, y = NULL, ci = 0.95, alternative = "greater", adjust = FALSE, ...
     8. | +-effectsize::effectsize(...)
     9. | \-effectsize:::effectsize.htest(...)
     10. | \-effectsize:::f(...)
     11. +-statsExpressions::tidy_model_effectsize(.)
     12. | +-dplyr::bind_cols(...)
     13. | | \-rlang::list2(...)
     14. | \-`%>%`(...)
     15. +-tibble::as_tibble(.)
     16. +-dplyr::select(., -dplyr::contains("term"))
     17. +-parameters::standardize_names(., style = "broom")
     18. \-dplyr::mutate(., effectsize = stats::na.omit(effectsize::get_effectsize_label(colnames(.)))[[1]])
     -- Error (test-contingency_table.R:145:5): Goodness of Fit contingency_table works without counts --
     Error: Cramer's V not applicable to goodness-of-fit tests.
     Backtrace:
     x
     1. +-base::suppressWarnings(...)
     2. | \-base::withCallingHandlers(...)
     3. +-statsExpressions::contingency_table(...)
     4. | +-`%>%`(...)
     5. | +-rlang::exec(.f.es, adjust = TRUE, ci = conf.level, !!!.f.args)
     6. | \-(function (x, y = NULL, ci = 0.95, alternative = "greater", adjust = FALSE, ...
     7. | +-effectsize::effectsize(...)
     8. | \-effectsize:::effectsize.htest(...)
     9. | \-effectsize:::f(...)
     10. +-statsExpressions::tidy_model_effectsize(.)
     11. | +-dplyr::bind_cols(...)
     12. | | \-rlang::list2(...)
     13. | \-`%>%`(...)
     14. +-tibble::as_tibble(.)
     15. +-dplyr::select(., -dplyr::contains("term"))
     16. +-parameters::standardize_names(., style = "broom")
     17. \-dplyr::mutate(., effectsize = stats::na.omit(effectsize::get_effectsize_label(colnames(.)))[[1]])
    
     [ FAIL 3 | WARN 0 | SKIP 40 | PASS 33 ]
     Error: Test failures
     Execution halted
Flavor: r-devel-windows-x86_64

Version: 1.1.0
Check: tests
Result: ERROR
     Running ‘spelling.R’ [0s/1s]
     Running ‘testthat.R’ [293s/174s]
    Running the tests in ‘tests/testthat.R’ failed.
    Complete output:
     > library(testthat)
     > library(statsExpressions)
     >
     > test_check("statsExpressions")
     Starting 2 test processes
     ══ Skipped tests ═══════════════════════════════════════════════════════════════
     • On CRAN (39)
     • empty test (1)
    
     ══ Failed tests ════════════════════════════════════════════════════════════════
     ── Error (test-grouped_dataframes.R:39:5): results don't differ for grouped versus ungrouped ──
     Error: Cramer's V not applicable to goodness-of-fit tests.
     Backtrace:
     █
     1. ├─testthat::expect_equal(...)
     2. │ └─testthat::quasi_label(enquo(object), label, arg = "object")
     3. │ └─rlang::eval_bare(expr, quo_get_env(quo))
     4. ├─statsExpressions::contingency_table(mtcars, cyl)
     5. │ ├─`%>%`(...)
     6. │ ├─rlang::exec(.f.es, adjust = TRUE, ci = conf.level, !!!.f.args)
     7. │ └─(function (x, y = NULL, ci = 0.95, alternative = "greater", adjust = FALSE, ...
     8. │ ├─effectsize::effectsize(...)
     9. │ └─effectsize:::effectsize.htest(...)
     10. │ └─effectsize:::f(...)
     11. ├─statsExpressions::tidy_model_effectsize(.)
     12. │ ├─dplyr::bind_cols(...)
     13. │ │ └─rlang::list2(...)
     14. │ └─`%>%`(...)
     15. ├─tibble::as_tibble(.)
     16. ├─dplyr::select(., -dplyr::contains("term"))
     17. ├─parameters::standardize_names(., style = "broom")
     18. └─dplyr::mutate(., effectsize = stats::na.omit(effectsize::get_effectsize_label(colnames(.)))[[1]])
     ── Error (test-loop_execution.R:44:5): contingency_table works in loop ─────────
     Error: Cramer's V not applicable to goodness-of-fit tests.
     Backtrace:
     █
     1. ├─utils::capture.output(...)
     2. │ └─base::withVisible(...elt(i))
     3. ├─base::print(contingency_table(data = mtcars, x = col.name[i]))
     4. ├─statsExpressions::contingency_table(data = mtcars, x = col.name[i])
     5. │ ├─`%>%`(...)
     6. │ ├─rlang::exec(.f.es, adjust = TRUE, ci = conf.level, !!!.f.args)
     7. │ └─(function (x, y = NULL, ci = 0.95, alternative = "greater", adjust = FALSE, ...
     8. │ ├─effectsize::effectsize(...)
     9. │ └─effectsize:::effectsize.htest(...)
     10. │ └─effectsize:::f(...)
     11. ├─statsExpressions::tidy_model_effectsize(.)
     12. │ ├─dplyr::bind_cols(...)
     13. │ │ └─rlang::list2(...)
     14. │ └─`%>%`(...)
     15. ├─tibble::as_tibble(.)
     16. ├─dplyr::select(., -dplyr::contains("term"))
     17. ├─parameters::standardize_names(., style = "broom")
     18. └─dplyr::mutate(., effectsize = stats::na.omit(effectsize::get_effectsize_label(colnames(.)))[[1]])
     ── Error (test-contingency_table.R:145:5): Goodness of Fit contingency_table works without counts ──
     Error: Cramer's V not applicable to goodness-of-fit tests.
     Backtrace:
     █
     1. ├─base::suppressWarnings(...)
     2. │ └─base::withCallingHandlers(...)
     3. ├─statsExpressions::contingency_table(...)
     4. │ ├─`%>%`(...)
     5. │ ├─rlang::exec(.f.es, adjust = TRUE, ci = conf.level, !!!.f.args)
     6. │ └─(function (x, y = NULL, ci = 0.95, alternative = "greater", adjust = FALSE, ...
     7. │ ├─effectsize::effectsize(...)
     8. │ └─effectsize:::effectsize.htest(...)
     9. │ └─effectsize:::f(...)
     10. ├─statsExpressions::tidy_model_effectsize(.)
     11. │ ├─dplyr::bind_cols(...)
     12. │ │ └─rlang::list2(...)
     13. │ └─`%>%`(...)
     14. ├─tibble::as_tibble(.)
     15. ├─dplyr::select(., -dplyr::contains("term"))
     16. ├─parameters::standardize_names(., style = "broom")
     17. └─dplyr::mutate(., effectsize = stats::na.omit(effectsize::get_effectsize_label(colnames(.)))[[1]])
    
     [ FAIL 3 | WARN 0 | SKIP 40 | PASS 33 ]
     Error: Test failures
     Execution halted
Flavor: r-patched-linux-x86_64

Version: 1.1.0
Check: tests
Result: ERROR
     Running 'spelling.R' [0s]
     Running 'testthat.R' [189s]
    Running the tests in 'tests/testthat.R' failed.
    Complete output:
     > library(testthat)
     > library(statsExpressions)
     >
     > test_check("statsExpressions")
     Starting 2 test processes
     == Skipped tests ===============================================================
     * On CRAN (39)
     * empty test (1)
    
     == Failed tests ================================================================
     -- Error (test-grouped_dataframes.R:39:5): results don't differ for grouped versus ungrouped --
     Error: Cramer's V not applicable to goodness-of-fit tests.
     Backtrace:
     x
     1. +-testthat::expect_equal(...)
     2. | \-testthat::quasi_label(enquo(object), label, arg = "object")
     3. | \-rlang::eval_bare(expr, quo_get_env(quo))
     4. +-statsExpressions::contingency_table(mtcars, cyl)
     5. | +-`%>%`(...)
     6. | +-rlang::exec(.f.es, adjust = TRUE, ci = conf.level, !!!.f.args)
     7. | \-(function (x, y = NULL, ci = 0.95, alternative = "greater", adjust = FALSE, ...
     8. | +-effectsize::effectsize(...)
     9. | \-effectsize:::effectsize.htest(...)
     10. | \-effectsize:::f(...)
     11. +-statsExpressions::tidy_model_effectsize(.)
     12. | +-dplyr::bind_cols(...)
     13. | | \-rlang::list2(...)
     14. | \-`%>%`(...)
     15. +-tibble::as_tibble(.)
     16. +-dplyr::select(., -dplyr::contains("term"))
     17. +-parameters::standardize_names(., style = "broom")
     18. \-dplyr::mutate(., effectsize = stats::na.omit(effectsize::get_effectsize_label(colnames(.)))[[1]])
     -- Error (test-loop_execution.R:44:5): contingency_table works in loop ---------
     Error: Cramer's V not applicable to goodness-of-fit tests.
     Backtrace:
     x
     1. +-utils::capture.output(...)
     2. | \-base::withVisible(...elt(i))
     3. +-base::print(contingency_table(data = mtcars, x = col.name[i]))
     4. +-statsExpressions::contingency_table(data = mtcars, x = col.name[i])
     5. | +-`%>%`(...)
     6. | +-rlang::exec(.f.es, adjust = TRUE, ci = conf.level, !!!.f.args)
     7. | \-(function (x, y = NULL, ci = 0.95, alternative = "greater", adjust = FALSE, ...
     8. | +-effectsize::effectsize(...)
     9. | \-effectsize:::effectsize.htest(...)
     10. | \-effectsize:::f(...)
     11. +-statsExpressions::tidy_model_effectsize(.)
     12. | +-dplyr::bind_cols(...)
     13. | | \-rlang::list2(...)
     14. | \-`%>%`(...)
     15. +-tibble::as_tibble(.)
     16. +-dplyr::select(., -dplyr::contains("term"))
     17. +-parameters::standardize_names(., style = "broom")
     18. \-dplyr::mutate(., effectsize = stats::na.omit(effectsize::get_effectsize_label(colnames(.)))[[1]])
     -- Error (test-contingency_table.R:145:5): Goodness of Fit contingency_table works without counts --
     Error: Cramer's V not applicable to goodness-of-fit tests.
     Backtrace:
     x
     1. +-base::suppressWarnings(...)
     2. | \-base::withCallingHandlers(...)
     3. +-statsExpressions::contingency_table(...)
     4. | +-`%>%`(...)
     5. | +-rlang::exec(.f.es, adjust = TRUE, ci = conf.level, !!!.f.args)
     6. | \-(function (x, y = NULL, ci = 0.95, alternative = "greater", adjust = FALSE, ...
     7. | +-effectsize::effectsize(...)
     8. | \-effectsize:::effectsize.htest(...)
     9. | \-effectsize:::f(...)
     10. +-statsExpressions::tidy_model_effectsize(.)
     11. | +-dplyr::bind_cols(...)
     12. | | \-rlang::list2(...)
     13. | \-`%>%`(...)
     14. +-tibble::as_tibble(.)
     15. +-dplyr::select(., -dplyr::contains("term"))
     16. +-parameters::standardize_names(., style = "broom")
     17. \-dplyr::mutate(., effectsize = stats::na.omit(effectsize::get_effectsize_label(colnames(.)))[[1]])
    
     [ FAIL 3 | WARN 0 | SKIP 40 | PASS 33 ]
     Error: Test failures
     Execution halted
Flavor: r-release-windows-ix86+x86_64

Version: 1.1.0
Check: tests
Result: ERROR
     Running 'spelling.R' [0s]
     Running 'testthat.R' [195s]
    Running the tests in 'tests/testthat.R' failed.
    Complete output:
     > library(testthat)
     > library(statsExpressions)
     >
     > test_check("statsExpressions")
     Starting 2 test processes
     == Skipped tests ===============================================================
     * On CRAN (39)
     * empty test (1)
    
     == Failed tests ================================================================
     -- Error (test-grouped_dataframes.R:39:5): results don't differ for grouped versus ungrouped --
     Error: Cramer's V not applicable to goodness-of-fit tests.
     Backtrace:
     x
     1. +-testthat::expect_equal(...)
     2. | \-testthat::quasi_label(enquo(object), label, arg = "object")
     3. | \-rlang::eval_bare(expr, quo_get_env(quo))
     4. +-statsExpressions::contingency_table(mtcars, cyl)
     5. | +-`%>%`(...)
     6. | +-rlang::exec(.f.es, adjust = TRUE, ci = conf.level, !!!.f.args)
     7. | \-(function (x, y = NULL, ci = 0.95, alternative = "greater", adjust = FALSE, ...
     8. | +-effectsize::effectsize(...)
     9. | \-effectsize:::effectsize.htest(...)
     10. | \-effectsize:::f(...)
     11. +-statsExpressions::tidy_model_effectsize(.)
     12. | +-dplyr::bind_cols(...)
     13. | | \-rlang::list2(...)
     14. | \-`%>%`(...)
     15. +-tibble::as_tibble(.)
     16. +-dplyr::select(., -dplyr::contains("term"))
     17. +-parameters::standardize_names(., style = "broom")
     18. \-dplyr::mutate(., effectsize = stats::na.omit(effectsize::get_effectsize_label(colnames(.)))[[1]])
     -- Error (???): contingency_table works in loop --------------------------------
     Error: Cramer's V not applicable to goodness-of-fit tests.
     Backtrace:
     x
     1. +-base::print(contingency_table(data = mtcars, x = col.name[i]))
     2. +-statsExpressions::contingency_table(data = mtcars, x = col.name[i])
     3. | +-`%>%`(...)
     4. | +-rlang::exec(.f.es, adjust = TRUE, ci = conf.level, !!!.f.args)
     5. | \-(function (x, y = NULL, ci = 0.95, alternative = "greater", adjust = FALSE, ...
     6. | +-effectsize::effectsize(...)
     7. | \-effectsize:::effectsize.htest(...)
     8. | \-effectsize:::f(...)
     9. +-statsExpressions::tidy_model_effectsize(.)
     10. | +-dplyr::bind_cols(...)
     11. | | \-rlang::list2(...)
     12. | \-`%>%`(...)
     13. +-tibble::as_tibble(.)
     14. +-dplyr::select(., -dplyr::contains("term"))
     15. +-parameters::standardize_names(., style = "broom")
     16. \-dplyr::mutate(., effectsize = stats::na.omit(effectsize::get_effectsize_label(colnames(.)))[[1]])
     -- Error (test-contingency_table.R:145:5): Goodness of Fit contingency_table works without counts --
     Error: Cramer's V not applicable to goodness-of-fit tests.
     Backtrace:
     x
     1. +-base::suppressWarnings(...)
     2. | \-base::withCallingHandlers(...)
     3. +-statsExpressions::contingency_table(...)
     4. | +-`%>%`(...)
     5. | +-rlang::exec(.f.es, adjust = TRUE, ci = conf.level, !!!.f.args)
     6. | \-(function (x, y = NULL, ci = 0.95, alternative = "greater", adjust = FALSE, ...
     7. | +-effectsize::effectsize(...)
     8. | \-effectsize:::effectsize.htest(...)
     9. | \-effectsize:::f(...)
     10. +-statsExpressions::tidy_model_effectsize(.)
     11. | +-dplyr::bind_cols(...)
     12. | | \-rlang::list2(...)
     13. | \-`%>%`(...)
     14. +-tibble::as_tibble(.)
     15. +-dplyr::select(., -dplyr::contains("term"))
     16. +-parameters::standardize_names(., style = "broom")
     17. \-dplyr::mutate(., effectsize = stats::na.omit(effectsize::get_effectsize_label(colnames(.)))[[1]])
    
     [ FAIL 3 | WARN 0 | SKIP 40 | PASS 33 ]
     Error: Test failures
     Execution halted
Flavor: r-oldrel-windows-ix86+x86_64