CRAN Package Check Results for Package statisfactory

Last updated on 2022-08-19 21:51:09 CEST.

Flavor Version Tinstall Tcheck Ttotal Status Flags
r-devel-linux-x86_64-debian-clang 1.0.1 3.48 37.89 41.37 NOTE
r-devel-linux-x86_64-debian-gcc 1.0.1 2.26 28.56 30.82 NOTE
r-devel-linux-x86_64-fedora-clang 1.0.1 59.62 NOTE
r-devel-linux-x86_64-fedora-gcc 1.0.1 57.34 NOTE
r-devel-windows-x86_64 1.0.1 21.00 60.00 81.00 NOTE
r-patched-linux-x86_64 1.0.1 4.45 35.55 40.00 OK
r-release-linux-x86_64 1.0.1 OK
r-release-macos-arm64 1.0.1 19.00 OK
r-release-macos-x86_64 1.0.1 27.00 OK
r-release-windows-x86_64 1.0.1 30.00 61.00 91.00 OK
r-oldrel-macos-arm64 1.0.1 21.00 OK
r-oldrel-macos-x86_64 1.0.1 26.00 OK
r-oldrel-windows-ix86+x86_64 1.0.1 8.00 58.00 66.00 OK

Check Details

Version: 1.0.1
Check: package subdirectories
Result: NOTE
    Problems with news in 'NEWS.md':
    No news entries found.
Flavors: r-devel-linux-x86_64-debian-clang, r-devel-linux-x86_64-debian-gcc, r-devel-linux-x86_64-fedora-clang, r-devel-linux-x86_64-fedora-gcc, r-devel-windows-x86_64