CRAN Package Check Results for Package statgenIBD

Last updated on 2022-01-24 12:52:25 CET.

Flavor Version Tinstall Tcheck Ttotal Status Flags
r-devel-linux-x86_64-debian-clang 1.0.2 89.00 88.02 177.02 OK
r-devel-linux-x86_64-debian-gcc 1.0.2 66.03 66.65 132.68 OK
r-devel-linux-x86_64-fedora-clang 1.0.2 256.30 OK
r-devel-linux-x86_64-fedora-gcc 1.0.2 229.55 OK
r-devel-windows-x86_64-new-UL 1.0.2 108.00 173.00 281.00 OK
r-devel-windows-x86_64-new-TK 1.0.2 OK
r-patched-linux-x86_64 1.0.2 77.24 81.91 159.15 OK
r-release-linux-x86_64 1.0.2 77.98 82.45 160.43 OK
r-release-macos-arm64 1.0.2 NOTE
r-release-macos-x86_64 1.0.2 OK
r-release-windows-ix86+x86_64 1.0.2 232.00 186.00 418.00 OK
r-oldrel-macos-x86_64 1.0.2 OK
r-oldrel-windows-ix86+x86_64 1.0.2 232.00 188.00 420.00 OK

Check Details

Version: 1.0.2
Check: installed package size
Result: NOTE
     installed size is 5.6Mb
     sub-directories of 1Mb or more:
     libs 4.9Mb
Flavor: r-release-macos-arm64