CRAN Package Check Results for Package statgenIBD

Last updated on 2024-06-19 06:58:15 CEST.

Flavor Version Tinstall Tcheck Ttotal Status Flags
r-devel-linux-x86_64-debian-clang 1.0.7 111.35 117.75 229.10 OK
r-devel-linux-x86_64-debian-gcc 1.0.7 73.34 87.58 160.92 OK
r-devel-linux-x86_64-fedora-clang 1.0.7 333.82 NOTE
r-devel-linux-x86_64-fedora-gcc 1.0.7 329.39 NOTE
r-devel-windows-x86_64 1.0.7 96.00 137.00 233.00 OK
r-patched-linux-x86_64 1.0.7 96.57 114.74 211.31 OK
r-release-linux-x86_64 1.0.7 71.22 114.33 185.55 OK
r-release-macos-arm64 1.0.7 83.00 NOTE
r-release-macos-x86_64 1.0.7 107.00 NOTE
r-release-windows-x86_64 1.0.7 93.00 143.00 236.00 OK
r-oldrel-macos-arm64 1.0.7 81.00 NOTE
r-oldrel-macos-x86_64 1.0.7 150.00 NOTE
r-oldrel-windows-x86_64 1.0.7 112.00 167.00 279.00 OK

Check Details

Version: 1.0.7
Check: dependencies in R code
Result: NOTE Namespace in Imports field not imported from: ‘statgenGWAS’ All declared Imports should be used. Flavors: r-devel-linux-x86_64-fedora-clang, r-devel-linux-x86_64-fedora-gcc

Version: 1.0.7
Check: installed package size
Result: NOTE installed size is 7.3Mb sub-directories of 1Mb or more: extdata 2.4Mb libs 4.2Mb Flavors: r-release-macos-arm64, r-release-macos-x86_64, r-oldrel-macos-arm64, r-oldrel-macos-x86_64