CRAN Package Check Results for Package stat.extend

Last updated on 2021-09-23 16:50:42 CEST.

Flavor Version Tinstall Tcheck Ttotal Status Flags
r-devel-linux-x86_64-debian-clang 0.1.4 3.64 34.01 37.65 NOTE
r-devel-linux-x86_64-debian-gcc 0.1.4 3.29 25.84 29.13 NOTE
r-devel-linux-x86_64-fedora-clang 0.1.4 55.41 NOTE
r-devel-linux-x86_64-fedora-gcc 0.1.4 44.52 NOTE
r-devel-windows-x86_64 0.1.4 8.00 35.00 43.00 NOTE
r-devel-windows-x86_64-gcc10-UCRT 0.1.4 NOTE
r-patched-linux-x86_64 0.1.4 4.28 32.36 36.64 NOTE
r-patched-solaris-x86 0.1.4 65.00 NOTE
r-release-linux-x86_64 0.1.4 4.05 32.71 36.76 NOTE
r-release-macos-arm64 0.1.4 NOTE
r-release-macos-x86_64 0.1.4 NOTE
r-release-windows-ix86+x86_64 0.1.4 8.00 37.00 45.00 NOTE
r-oldrel-macos-x86_64 0.1.4 OK
r-oldrel-windows-ix86+x86_64 0.1.4 7.00 38.00 45.00 OK

Check Details

Version: 0.1.4
Check: LazyData
Result: NOTE
     'LazyData' is specified without a 'data' directory
Flavors: r-devel-linux-x86_64-debian-clang, r-devel-linux-x86_64-debian-gcc, r-devel-linux-x86_64-fedora-clang, r-devel-linux-x86_64-fedora-gcc, r-devel-windows-x86_64, r-devel-windows-x86_64-gcc10-UCRT, r-patched-linux-x86_64, r-patched-solaris-x86, r-release-linux-x86_64, r-release-macos-arm64, r-release-macos-x86_64, r-release-windows-ix86+x86_64