CRAN Package Check Results for Package starschemar

Last updated on 2022-01-20 00:50:08 CET.

Flavor Version Tinstall Tcheck Ttotal Status Flags
r-devel-linux-x86_64-debian-clang 1.2.0 OK
r-devel-linux-x86_64-debian-gcc 1.2.0 7.30 83.83 91.13 OK
r-devel-linux-x86_64-fedora-clang 1.2.0 137.26 NOTE
r-devel-linux-x86_64-fedora-gcc 1.2.0 127.94 NOTE
r-devel-windows-x86_64-new-UL 1.2.0 488.00 159.00 647.00 OK
r-devel-windows-x86_64-new-TK 1.2.0 NOTE
r-patched-linux-x86_64 1.2.0 7.09 103.65 110.74 OK
r-release-linux-x86_64 1.2.0 OK
r-release-macos-arm64 1.2.0 NOTE
r-release-macos-x86_64 1.2.0 NOTE
r-release-windows-ix86+x86_64 1.2.0 15.00 142.00 157.00 OK
r-oldrel-macos-x86_64 1.2.0 NOTE
r-oldrel-windows-ix86+x86_64 1.2.0 15.00 141.00 156.00 OK

Check Details

Version: 1.2.0
Check: dependencies in R code
Result: NOTE
    Namespaces in Imports field not imported from:
     ‘pander’ ‘readr’ ‘tidyselect’
     All declared Imports should be used.
Flavors: r-devel-linux-x86_64-fedora-clang, r-devel-linux-x86_64-fedora-gcc, r-devel-windows-x86_64-new-TK, r-release-macos-arm64, r-release-macos-x86_64, r-oldrel-macos-x86_64