CRAN Package Check Results for Package standartox

Last updated on 2022-07-07 05:56:14 CEST.

Flavor Version Tinstall Tcheck Ttotal Status Flags
r-devel-linux-x86_64-debian-clang 0.0.1 3.00 34.40 37.40 OK
r-devel-linux-x86_64-debian-gcc 0.0.1 2.62 25.64 28.26 OK
r-devel-linux-x86_64-fedora-clang 0.0.1 55.93 NOTE
r-devel-linux-x86_64-fedora-gcc 0.0.1 53.77 NOTE
r-devel-windows-x86_64 0.0.1 14.00 57.00 71.00 OK
r-patched-linux-x86_64 0.0.1 3.50 32.32 35.82 OK
r-release-linux-x86_64 0.0.1 2.72 32.30 35.02 OK
r-release-macos-arm64 0.0.1 17.00 NOTE
r-release-macos-x86_64 0.0.1 26.00 NOTE
r-release-windows-x86_64 0.0.1 6.00 60.00 66.00 OK
r-oldrel-macos-arm64 0.0.1 26.00 NOTE
r-oldrel-macos-x86_64 0.0.1 29.00 NOTE
r-oldrel-windows-ix86+x86_64 0.0.1 8.00 61.00 69.00 OK

Check Details

Version: 0.0.1
Check: dependencies in R code
Result: NOTE
    Namespace in Imports field not imported from: ‘curl’
     All declared Imports should be used.
Flavors: r-devel-linux-x86_64-fedora-clang, r-devel-linux-x86_64-fedora-gcc, r-release-macos-arm64, r-release-macos-x86_64, r-oldrel-macos-arm64, r-oldrel-macos-x86_64