CRAN Package Check Results for Package stablelearner

Last updated on 2021-12-01 23:51:52 CET.

Flavor Version Tinstall Tcheck Ttotal Status Flags
r-devel-linux-x86_64-debian-clang 0.1-3 10.12 142.34 152.46 OK
r-devel-linux-x86_64-debian-gcc 0.1-3 9.94 109.60 119.54 OK
r-devel-linux-x86_64-fedora-clang 0.1-3 192.24 NOTE
r-devel-linux-x86_64-fedora-gcc 0.1-3 180.87 NOTE
r-devel-windows-x86_64-new-UL 0.1-3 23.00 198.00 221.00 OK
r-devel-windows-x86_64-new-TK 0.1-3 NOTE
r-devel-windows-x86_64-old 0.1-3 18.00 134.00 152.00 OK
r-patched-linux-x86_64 0.1-3 16.21 140.81 157.02 OK
r-patched-solaris-x86 0.1-3 179.30 NOTE
r-release-linux-x86_64 0.1-3 11.73 138.35 150.08 OK
r-release-macos-arm64 0.1-3 NOTE
r-release-macos-x86_64 0.1-3 NOTE
r-release-windows-ix86+x86_64 0.1-3 25.00 172.00 197.00 OK
r-oldrel-macos-x86_64 0.1-3 NOTE
r-oldrel-windows-ix86+x86_64 0.1-3 26.00 169.00 195.00 OK

Check Details

Version: 0.1-3
Check: data for non-ASCII characters
Result: NOTE
     Note: found 123 marked UTF-8 strings
Flavors: r-devel-linux-x86_64-fedora-clang, r-devel-linux-x86_64-fedora-gcc, r-devel-windows-x86_64-new-TK, r-patched-solaris-x86, r-release-macos-arm64, r-release-macos-x86_64, r-oldrel-macos-x86_64