CRAN Package Check Results for Package stabledist

Last updated on 2024-07-12 18:52:38 CEST.

Flavor Version Tinstall Tcheck Ttotal Status Flags
r-devel-linux-x86_64-debian-clang 0.7-1 3.21 97.36 100.57 NOTE
r-devel-linux-x86_64-debian-gcc 0.7-1 1.90 65.93 67.83 NOTE
r-devel-linux-x86_64-fedora-clang 0.7-1 119.31 NOTE
r-devel-linux-x86_64-fedora-gcc 0.7-1 110.44 NOTE
r-devel-windows-x86_64 0.7-1 3.00 85.00 88.00 NOTE
r-patched-linux-x86_64 0.7-1 3.10 88.00 91.10 NOTE
r-release-linux-x86_64 0.7-1 2.95 87.87 90.82 NOTE
r-release-macos-arm64 0.7-1 22.00 NOTE
r-release-macos-x86_64 0.7-1 44.00 NOTE
r-release-windows-x86_64 0.7-1 3.00 89.00 92.00 NOTE
r-oldrel-macos-arm64 0.7-1 30.00 NOTE
r-oldrel-macos-x86_64 0.7-1 52.00 NOTE
r-oldrel-windows-x86_64 0.7-1 4.00 97.00 101.00 NOTE

Check Details

Version: 0.7-1
Check: LazyData
Result: NOTE 'LazyData' is specified without a 'data' directory Flavors: r-devel-linux-x86_64-debian-clang, r-devel-linux-x86_64-debian-gcc, r-devel-linux-x86_64-fedora-clang, r-devel-linux-x86_64-fedora-gcc, r-devel-windows-x86_64, r-patched-linux-x86_64, r-release-linux-x86_64, r-release-macos-arm64, r-release-macos-x86_64, r-release-windows-x86_64, r-oldrel-macos-arm64, r-oldrel-macos-x86_64, r-oldrel-windows-x86_64