CRAN Package Check Results for Package stable

Last updated on 2022-01-25 12:55:49 CET.

Flavor Version Tinstall Tcheck Ttotal Status Flags
r-devel-linux-x86_64-debian-clang 1.1.4 4.78 38.39 43.17 NOTE
r-devel-linux-x86_64-debian-gcc 1.1.4 3.31 29.71 33.02 NOTE
r-devel-linux-x86_64-fedora-clang 1.1.4 53.70 NOTE
r-devel-linux-x86_64-fedora-gcc 1.1.4 41.88 NOTE
r-devel-windows-x86_64-new-UL 1.1.4 27.00 59.00 86.00 NOTE
r-devel-windows-x86_64-new-TK 1.1.4 NOTE
r-patched-linux-x86_64 1.1.4 3.82 36.46 40.28 NOTE
r-release-linux-x86_64 1.1.4 3.31 36.85 40.16 NOTE
r-release-macos-arm64 1.1.4 NOTE
r-release-macos-x86_64 1.1.4 NOTE
r-release-windows-ix86+x86_64 1.1.4 11.00 60.00 71.00 NOTE
r-oldrel-macos-x86_64 1.1.4 NOTE
r-oldrel-windows-ix86+x86_64 1.1.4 11.00 59.00 70.00 OK

Check Details

Version: 1.1.4
Check: LazyData
Result: NOTE
     'LazyData' is specified without a 'data' directory
Flavors: r-devel-linux-x86_64-debian-clang, r-devel-linux-x86_64-debian-gcc, r-devel-linux-x86_64-fedora-clang, r-devel-linux-x86_64-fedora-gcc, r-devel-windows-x86_64-new-UL, r-devel-windows-x86_64-new-TK, r-patched-linux-x86_64, r-release-linux-x86_64, r-release-macos-arm64, r-release-macos-x86_64, r-release-windows-ix86+x86_64

Version: 1.1.4
Check: dependencies in R code
Result: NOTE
    Namespace in Imports field not imported from: ‘stabledist’
     All declared Imports should be used.
Flavors: r-devel-linux-x86_64-fedora-clang, r-devel-linux-x86_64-fedora-gcc, r-devel-windows-x86_64-new-TK, r-release-macos-arm64, r-release-macos-x86_64, r-oldrel-macos-x86_64