CRAN Package Check Results for Package stabiliser

Last updated on 2022-01-27 12:54:05 CET.

Flavor Version Tinstall Tcheck Ttotal Status Flags
r-devel-linux-x86_64-debian-clang 0.1.1 14.69 407.31 422.00 OK
r-devel-linux-x86_64-debian-gcc 0.1.1 11.68 304.81 316.49 OK
r-devel-linux-x86_64-fedora-clang 0.1.1 471.22 NOTE
r-devel-linux-x86_64-fedora-gcc 0.1.1 501.89 NOTE
r-devel-windows-x86_64-new-UL 0.1.1 34.00 414.00 448.00 OK
r-devel-windows-x86_64-new-TK 0.1.1 NOTE
r-patched-linux-x86_64 0.1.1 14.50 391.82 406.32 OK
r-release-linux-x86_64 0.1.1 9.97 389.42 399.39 OK
r-release-macos-arm64 0.1.1 NOTE
r-release-macos-x86_64 0.1.1 NOTE
r-release-windows-ix86+x86_64 0.1.1 35.00 446.00 481.00 OK
r-oldrel-macos-x86_64 0.1.1 NOTE
r-oldrel-windows-ix86+x86_64 0.1.1 35.00 463.00 498.00 OK

Check Details

Version: 0.1.1
Check: dependencies in R code
Result: NOTE
    Namespace in Imports field not imported from: ‘knitr’
     All declared Imports should be used.
Flavors: r-devel-linux-x86_64-fedora-clang, r-devel-linux-x86_64-fedora-gcc, r-devel-windows-x86_64-new-TK, r-release-macos-arm64, r-release-macos-x86_64, r-oldrel-macos-x86_64