CRAN Package Check Results for Package sta

Last updated on 2021-09-18 05:02:47 CEST.

Flavor Version Tinstall Tcheck Ttotal Status Flags
r-devel-linux-x86_64-debian-clang 0.1.5 14.00 124.23 138.23 OK
r-devel-linux-x86_64-debian-gcc 0.1.5 11.78 93.42 105.20 OK
r-devel-linux-x86_64-fedora-clang 0.1.5 171.48 NOTE
r-devel-linux-x86_64-fedora-gcc 0.1.5 164.40 NOTE
r-devel-windows-x86_64 0.1.5 15.00 142.00 157.00 WARN
r-devel-windows-x86_64-gcc10-UCRT 0.1.5 WARN
r-patched-linux-x86_64 0.1.5 14.03 118.27 132.30 OK
r-patched-solaris-x86 0.1.5 238.00 NOTE
r-release-linux-x86_64 0.1.5 12.94 117.23 130.17 OK
r-release-macos-arm64 0.1.5 NOTE
r-release-macos-x86_64 0.1.5 NOTE
r-release-windows-ix86+x86_64 0.1.5 36.00 104.00 140.00 OK
r-oldrel-macos-x86_64 0.1.5 NOTE
r-oldrel-windows-ix86+x86_64 0.1.5 34.00 102.00 136.00 OK

Check Details

Version: 0.1.5
Check: dependencies in R code
Result: NOTE
    Namespaces in Imports field not imported from:
     ‘iterators’ ‘methods’ ‘rgdal’
     All declared Imports should be used.
Flavors: r-devel-linux-x86_64-fedora-clang, r-devel-linux-x86_64-fedora-gcc, r-devel-windows-x86_64-gcc10-UCRT, r-patched-solaris-x86, r-release-macos-arm64, r-release-macos-x86_64, r-oldrel-macos-x86_64

Version: 0.1.5
Check: whether package can be installed
Result: WARN
    Found the following significant warnings:
     Warning: 'memory.limit()' is no longer supported
Flavors: r-devel-windows-x86_64, r-devel-windows-x86_64-gcc10-UCRT