CRAN Package Check Results for Package ssrn

Last updated on 2021-07-26 19:49:39 CEST.

Flavor Version Tinstall Tcheck Ttotal Status Flags
r-devel-linux-x86_64-debian-clang 0.1.0 2.54 28.73 31.27 NOTE
r-devel-linux-x86_64-debian-gcc 0.1.0 1.78 22.98 24.76 NOTE
r-devel-linux-x86_64-fedora-clang 0.1.0 48.35 NOTE
r-devel-linux-x86_64-fedora-gcc 0.1.0 36.56 NOTE
r-devel-windows-x86_64 0.1.0 5.00 48.00 53.00 OK
r-devel-windows-x86_64-gcc10-UCRT 0.1.0 NOTE
r-patched-linux-x86_64 0.1.0 2.38 27.80 30.18 NOTE
r-patched-solaris-x86 0.1.0 56.60 NOTE
r-release-linux-x86_64 0.1.0 2.04 27.92 29.96 NOTE
r-release-macos-arm64 0.1.0 NOTE
r-release-macos-x86_64 0.1.0 NOTE
r-release-windows-ix86+x86_64 0.1.0 6.00 34.00 40.00 OK
r-oldrel-macos-x86_64 0.1.0 OK
r-oldrel-windows-ix86+x86_64 0.1.0 5.00 53.00 58.00 OK

Check Details

Version: 0.1.0
Check: package dependencies
Result: NOTE
    Package suggested but not available for checking: 'scanstatistics'
Flavors: r-devel-linux-x86_64-debian-clang, r-devel-linux-x86_64-debian-gcc, r-devel-linux-x86_64-fedora-clang, r-devel-linux-x86_64-fedora-gcc, r-devel-windows-x86_64-gcc10-UCRT, r-patched-linux-x86_64, r-patched-solaris-x86, r-release-linux-x86_64, r-release-macos-arm64, r-release-macos-x86_64