CRAN Package Check Results for Package squid

Last updated on 2021-12-09 11:51:45 CET.

Flavor Version Tinstall Tcheck Ttotal Status Flags
r-devel-linux-x86_64-debian-clang 0.1.2 4.38 48.51 52.89 NOTE
r-devel-linux-x86_64-debian-gcc 0.1.2 2.77 36.67 39.44 NOTE
r-devel-linux-x86_64-fedora-clang 0.1.2 65.41 NOTE
r-devel-linux-x86_64-fedora-gcc 0.1.2 52.78 NOTE
r-devel-windows-x86_64-new-UL 0.1.2 16.00 84.00 100.00 NOTE
r-devel-windows-x86_64-new-TK 0.1.2 NOTE
r-devel-windows-x86_64-old 0.1.2 8.00 41.00 49.00 NOTE
r-patched-linux-x86_64 0.1.2 5.02 44.71 49.73 NOTE
r-release-linux-x86_64 0.1.2 4.05 45.00 49.05 NOTE
r-release-macos-arm64 0.1.2 NOTE
r-release-macos-x86_64 0.1.2 NOTE
r-release-windows-ix86+x86_64 0.1.2 7.00 59.00 66.00 NOTE
r-oldrel-macos-x86_64 0.1.2 OK
r-oldrel-windows-ix86+x86_64 0.1.2 10.00 57.00 67.00 OK

Check Details

Version: 0.1.2
Check: LazyData
Result: NOTE
     'LazyData' is specified without a 'data' directory
Flavors: r-devel-linux-x86_64-debian-clang, r-devel-linux-x86_64-debian-gcc, r-devel-linux-x86_64-fedora-clang, r-devel-linux-x86_64-fedora-gcc, r-devel-windows-x86_64-new-UL, r-devel-windows-x86_64-new-TK, r-devel-windows-x86_64-old, r-patched-linux-x86_64, r-release-linux-x86_64, r-release-macos-arm64, r-release-macos-x86_64, r-release-windows-ix86+x86_64