CRAN Package Check Results for Package sptm

Last updated on 2021-07-25 07:50:19 CEST.

Flavor Version Tinstall Tcheck Ttotal Status Flags
r-devel-linux-x86_64-debian-clang 2019.11-25 12.04 77.61 89.65 NOTE
r-devel-linux-x86_64-debian-gcc 2019.11-25 8.43 59.36 67.79 NOTE
r-devel-linux-x86_64-fedora-clang 2019.11-25 117.87 NOTE
r-devel-linux-x86_64-fedora-gcc 2019.11-25 107.68 NOTE
r-devel-windows-x86_64 2019.11-25 13.00 73.00 86.00 NOTE
r-devel-windows-x86_64-gcc10-UCRT 2019.11-25 NOTE
r-patched-linux-x86_64 2019.11-25 11.40 74.97 86.37 NOTE
r-patched-solaris-x86 2019.11-25 160.50 NOTE
r-release-linux-x86_64 2019.11-25 9.86 74.61 84.47 NOTE
r-release-macos-arm64 2019.11-25 NOTE
r-release-macos-x86_64 2019.11-25 NOTE
r-release-windows-ix86+x86_64 2019.11-25 26.00 104.00 130.00 NOTE
r-oldrel-macos-x86_64 2019.11-25 OK
r-oldrel-windows-ix86+x86_64 2019.11-25 27.00 102.00 129.00 OK

Check Details

Version: 2019.11-25
Check: LazyData
Result: NOTE
     'LazyData' is specified without a 'data' directory
Flavors: r-devel-linux-x86_64-debian-clang, r-devel-linux-x86_64-debian-gcc, r-devel-linux-x86_64-fedora-clang, r-devel-linux-x86_64-fedora-gcc, r-devel-windows-x86_64, r-devel-windows-x86_64-gcc10-UCRT, r-patched-linux-x86_64, r-patched-solaris-x86, r-release-linux-x86_64, r-release-macos-arm64, r-release-macos-x86_64, r-release-windows-ix86+x86_64