Last updated on 2023-02-01 04:52:09 CET.
Flavor | Version | Tinstall | Tcheck | Ttotal | Status | Flags |
---|---|---|---|---|---|---|
r-devel-linux-x86_64-debian-clang | 1.0.0 | 265.94 | 238.16 | 504.10 | NOTE | |
r-devel-linux-x86_64-debian-gcc | 1.0.0 | 232.77 | 190.06 | 422.83 | NOTE | |
r-devel-linux-x86_64-fedora-clang | 1.0.0 | 631.47 | NOTE | |||
r-devel-linux-x86_64-fedora-gcc | 1.0.0 | 769.61 | NOTE | |||
r-devel-windows-x86_64 | 1.0.0 | 217.00 | 310.00 | 527.00 | NOTE | |
r-patched-linux-x86_64 | 1.0.0 | 233.68 | 252.90 | 486.58 | NOTE | |
r-release-linux-x86_64 | 1.0.0 | 203.80 | 256.48 | 460.28 | NOTE | |
r-release-macos-arm64 | 1.0.0 | 191.00 | NOTE | |||
r-release-macos-x86_64 | 1.0.0 | 308.00 | NOTE | |||
r-release-windows-x86_64 | 1.0.0 | 211.00 | 327.00 | 538.00 | NOTE | |
r-oldrel-macos-arm64 | 1.0.0 | 271.00 | NOTE | |||
r-oldrel-macos-x86_64 | 1.0.0 | 357.00 | NOTE | |||
r-oldrel-windows-ix86+x86_64 | 1.0.0 | 199.00 | 24.00 | 223.00 | ERROR |
Version: 1.0.0
Check: C++ specification
Result: NOTE
Specified C++14: please update to current default of C++17
Flavors: r-devel-linux-x86_64-debian-clang, r-devel-linux-x86_64-debian-gcc, r-devel-linux-x86_64-fedora-clang, r-devel-linux-x86_64-fedora-gcc, r-devel-windows-x86_64
Version: 1.0.0
Check: LazyData
Result: NOTE
'LazyData' is specified without a 'data' directory
Flavors: r-devel-linux-x86_64-debian-clang, r-devel-linux-x86_64-debian-gcc, r-devel-linux-x86_64-fedora-clang, r-devel-linux-x86_64-fedora-gcc, r-devel-windows-x86_64, r-patched-linux-x86_64, r-release-linux-x86_64, r-release-macos-arm64, r-release-macos-x86_64, r-release-windows-x86_64, r-oldrel-macos-arm64, r-oldrel-macos-x86_64
Version: 1.0.0
Check: for GNU extensions in Makefiles
Result: NOTE
GNU make is a SystemRequirements.
Flavors: r-devel-linux-x86_64-debian-clang, r-devel-linux-x86_64-debian-gcc, r-devel-linux-x86_64-fedora-clang, r-devel-linux-x86_64-fedora-gcc, r-devel-windows-x86_64, r-patched-linux-x86_64, r-release-linux-x86_64, r-release-macos-arm64, r-release-macos-x86_64, r-release-windows-x86_64, r-oldrel-macos-arm64, r-oldrel-macos-x86_64
Version: 1.0.0
Check: installed package size
Result: NOTE
installed size is 5.3Mb
sub-directories of 1Mb or more:
doc 1.5Mb
libs 3.4Mb
Flavors: r-devel-linux-x86_64-fedora-clang, r-release-macos-arm64, r-release-macos-x86_64, r-oldrel-macos-arm64, r-oldrel-macos-x86_64
Version: 1.0.0
Check: dependencies in R code
Result: NOTE
Namespace in Imports field not imported from: ‘rstantools’
All declared Imports should be used.
Flavors: r-devel-linux-x86_64-fedora-clang, r-devel-linux-x86_64-fedora-gcc, r-release-macos-arm64, r-release-macos-x86_64, r-oldrel-macos-arm64, r-oldrel-macos-x86_64
Version: 1.0.0
Check: whether package can be installed
Result: ERROR
Installation failed.
Flavor: r-oldrel-windows-ix86+x86_64