Last updated on 2023-02-04 04:54:06 CET.
Flavor | Version | Tinstall | Tcheck | Ttotal | Status | Flags |
---|---|---|---|---|---|---|
r-devel-linux-x86_64-debian-clang | 1.4.8 | 3.49 | 39.30 | 42.79 | NOTE | |
r-devel-linux-x86_64-debian-gcc | 1.4.8 | 2.64 | 29.08 | 31.72 | NOTE | |
r-devel-linux-x86_64-fedora-clang | 1.4.8 | 53.04 | NOTE | |||
r-devel-linux-x86_64-fedora-gcc | 1.4.8 | 50.07 | NOTE | |||
r-devel-windows-x86_64 | 1.4.8 | 59.00 | 70.00 | 129.00 | NOTE | |
r-patched-linux-x86_64 | 1.4.8 | 4.48 | 36.44 | 40.92 | OK | |
r-release-linux-x86_64 | 1.4.8 | 3.19 | 36.90 | 40.09 | OK | |
r-release-macos-arm64 | 1.4.8 | 19.00 | OK | |||
r-release-macos-x86_64 | 1.4.8 | 29.00 | OK | |||
r-release-windows-x86_64 | 1.4.8 | 77.00 | 68.00 | 145.00 | OK | |
r-oldrel-macos-arm64 | 1.4.8 | 22.00 | OK | |||
r-oldrel-macos-x86_64 | 1.4.8 | 40.00 | OK | |||
r-oldrel-windows-ix86+x86_64 | 1.4.8 | 7.00 | 66.00 | 73.00 | OK |
Version: 1.4.8
Check: package subdirectories
Result: NOTE
Problems with news in ‘NEWS.md’:
Cannot extract version info from the following section titles:
Feature Changes
Flavors: r-devel-linux-x86_64-debian-clang, r-devel-linux-x86_64-debian-gcc, r-devel-linux-x86_64-fedora-clang, r-devel-linux-x86_64-fedora-gcc, r-devel-windows-x86_64
Version: 1.4.8
Check: Rd cross-references
Result: NOTE
Undeclared packages ‘reshape2’, ‘sampling’, ‘dplyr’ in Rd xrefs
Flavor: r-devel-linux-x86_64-fedora-clang