CRAN Package Check Results for Package splines2

Last updated on 2024-06-22 06:51:02 CEST.

Flavor Version Tinstall Tcheck Ttotal Status Flags
r-devel-linux-x86_64-debian-clang 0.5.2 49.16 60.75 109.91 OK
r-devel-linux-x86_64-debian-gcc 0.5.2 33.10 46.03 79.13 OK
r-devel-linux-x86_64-fedora-clang 0.5.2 144.85 OK
r-devel-linux-x86_64-fedora-gcc 0.5.2 161.11 OK
r-devel-windows-x86_64 0.5.2 37.00 96.00 133.00 OK
r-patched-linux-x86_64 0.5.2 40.78 57.38 98.16 OK
r-release-linux-x86_64 0.5.2 34.35 57.26 91.61 OK
r-release-macos-arm64 0.5.2 45.00 NOTE
r-release-macos-x86_64 0.5.2 87.00 NOTE
r-release-windows-x86_64 0.5.2 38.00 89.00 127.00 OK
r-oldrel-macos-arm64 0.5.2 46.00 NOTE
r-oldrel-macos-x86_64 0.5.2 175.00 NOTE
r-oldrel-windows-x86_64 0.5.2 44.00 100.00 144.00 OK

Check Details

Version: 0.5.2
Check: installed package size
Result: NOTE installed size is 5.1Mb sub-directories of 1Mb or more: doc 1.2Mb libs 3.3Mb Flavors: r-release-macos-arm64, r-release-macos-x86_64, r-oldrel-macos-arm64, r-oldrel-macos-x86_64