Last updated on 2022-07-03 17:52:16 CEST.
Flavor | Version | Tinstall | Tcheck | Ttotal | Status | Flags |
---|---|---|---|---|---|---|
r-devel-linux-x86_64-debian-clang | 0.3.6 | 9.82 | 303.34 | 313.16 | NOTE | |
r-devel-linux-x86_64-debian-gcc | 0.3.6 | 6.84 | 214.25 | 221.09 | NOTE | |
r-devel-linux-x86_64-fedora-clang | 0.3.6 | 352.22 | NOTE | |||
r-devel-linux-x86_64-fedora-gcc | 0.3.6 | 355.41 | NOTE | |||
r-devel-windows-x86_64 | 0.3.6 | 53.00 | 356.00 | 409.00 | NOTE | |
r-patched-linux-x86_64 | 0.3.6 | 7.57 | 283.43 | 291.00 | OK | |
r-release-linux-x86_64 | 0.3.6 | 9.47 | 280.13 | 289.60 | OK | |
r-release-macos-arm64 | 0.3.6 | 165.00 | OK | |||
r-release-macos-x86_64 | 0.3.6 | 212.00 | OK | |||
r-release-windows-x86_64 | 0.3.6 | 50.00 | 358.00 | 408.00 | OK | |
r-oldrel-macos-arm64 | 0.3.6 | 136.00 | OK | |||
r-oldrel-macos-x86_64 | 0.3.6 | 143.00 | OK | |||
r-oldrel-windows-ix86+x86_64 | 0.3.6 | 22.00 | 360.00 | 382.00 | OK |
Version: 0.3.6
Check: Rd files
Result: NOTE
checkRd: (-1) PimaIndiansDiabetes_long.Rd:14: Escaped LaTeX specials: \^
checkRd: (-1) PimaIndiansDiabetes_wide.Rd:16: Escaped LaTeX specials: \^
Flavors: r-devel-linux-x86_64-debian-clang, r-devel-linux-x86_64-debian-gcc, r-devel-linux-x86_64-fedora-clang, r-devel-linux-x86_64-fedora-gcc, r-devel-windows-x86_64