CRAN Package Check Results for Package spinifex

Last updated on 2021-10-19 16:50:48 CEST.

Flavor Version Tinstall Tcheck Ttotal Status Flags
r-devel-linux-x86_64-debian-clang 0.3.1 4.83 303.54 308.37 OK
r-devel-linux-x86_64-debian-gcc 0.3.1 3.82 229.00 232.82 OK
r-devel-linux-x86_64-fedora-clang 0.3.1 357.47 OK
r-devel-linux-x86_64-fedora-gcc 0.3.1 353.10 OK
r-devel-windows-x86_64 0.3.1 9.00 317.00 326.00 OK
r-devel-windows-x86_64-gcc10-UCRT 0.3.1 OK
r-patched-linux-x86_64 0.3.1 5.51 290.64 296.15 OK
r-patched-solaris-x86 0.3.1 436.00 NOTE
r-release-linux-x86_64 0.3.1 4.62 288.48 293.10 OK
r-release-macos-arm64 0.3.1 OK
r-release-macos-x86_64 0.3.1 OK
r-release-windows-ix86+x86_64 0.3.1 16.00 376.00 392.00 OK
r-oldrel-macos-x86_64 0.3.1 OK
r-oldrel-windows-ix86+x86_64 0.3.1 11.00 375.00 386.00 OK

Check Details

Version: 0.3.1
Check: package dependencies
Result: NOTE
    Package suggested but not available for checking: ‘gifski’
Flavor: r-patched-solaris-x86