CRAN Package Check Results for Package sphunif

Last updated on 2021-12-03 11:52:04 CET.

Flavor Version Tinstall Tcheck Ttotal Status Flags
r-devel-linux-x86_64-debian-clang 1.0.1 189.23 151.29 340.52 OK
r-devel-linux-x86_64-debian-gcc 1.0.1 143.20 88.53 231.73 ERROR
r-devel-linux-x86_64-fedora-clang 1.0.1 500.08 NOTE
r-devel-linux-x86_64-fedora-gcc 1.0.1 454.31 NOTE
r-devel-windows-x86_64-new-UL 1.0.1 247.00 324.00 571.00 OK
r-devel-windows-x86_64-new-TK 1.0.1 NOTE
r-devel-windows-x86_64-old 1.0.1 235.00 244.00 479.00 OK
r-patched-linux-x86_64 1.0.1 173.44 142.38 315.82 OK
r-patched-solaris-x86 1.0.1 801.20 NOTE
r-release-linux-x86_64 1.0.1 165.52 142.77 308.29 OK
r-release-macos-arm64 1.0.1 NOTE
r-release-macos-x86_64 1.0.1 NOTE
r-release-windows-ix86+x86_64 1.0.1 458.00 491.00 949.00 OK
r-oldrel-macos-x86_64 1.0.1 NOTE
r-oldrel-windows-ix86+x86_64 1.0.1 459.00 482.00 941.00 OK

Check Details

Version: 1.0.1
Check: examples
Result: ERROR
    Running examples in ‘sphunif-Ex.R’ failed
    The error most likely occurred in:
    
    > base::assign(".ptime", proc.time(), pos = "CheckExEnv")
    > ### Name: comets
    > ### Title: Comet orbits
    > ### Aliases: comets
    > ### Keywords: datasets
    >
    > ### ** Examples
    >
    > # Load data
    > data("comets")
    >
    > # Add normal vectors
    > comets$normal <- cbind(sin(comets$i) * sin(comets$om),
    + -sin(comets$i) * cos(comets$om),
    + cos(comets$i))
    >
    > # Add numbered information
    > comets$numbered <- substr(comets$id, 1, 1) == "c"
    >
    > # Tests to be performed
    > type_tests <- c("PCvM", "PAD", "PRt")
    >
    > # Excluding the C/1882 R1-X (Great September comet) records with X = B, C, D
    > comets_ccf2009 <- comets[comets$ccf2009, ][-c(13:15), ]
    >
    > # Sample size
    > nrow(comets_ccf2009)
    [1] 208
    >
    > # Tests for the data in Cuesta-Albertos et al. (2009)
    > tests_ccf2009 <- unif_test(data = comets_ccf2009$normal, type = type_tests,
    + p_value = "asymp")
    Series truncated from 10000 to 10000 terms (difference <= 0 with the HBE tail probability; last weight = 6.249e-14).
    Error in is.finite(x) : default method not implemented for type 'list'
    Calls: unif_test ... do.call -> p_sph_stat_PCvM -> cbind -> p_Sobolev -> p_wschisq
    Execution halted
Flavor: r-devel-linux-x86_64-debian-gcc

Version: 1.0.1
Check: re-building of vignette outputs
Result: WARN
    Error(s) in re-building vignettes:
     ...
    --- re-building ‘sphunif.Rmd’ using rmarkdown
    Quitting from lines 39-41 (sphunif.Rmd)
    Error: processing vignette ‘sphunif.Rmd’ failed with diagnostics:
    Not compatible with requested type: [type=list; target=double].
    --- failed re-building ‘sphunif.Rmd’
    
    SUMMARY: processing the following file failed:
     ‘sphunif.Rmd’
    
    Error: Vignette re-building failed.
    Execution halted
Flavor: r-devel-linux-x86_64-debian-gcc

Version: 1.0.1
Check: installed package size
Result: NOTE
     installed size is 16.1Mb
     sub-directories of 1Mb or more:
     libs 15.2Mb
Flavors: r-devel-linux-x86_64-fedora-clang, r-release-macos-arm64, r-release-macos-x86_64, r-oldrel-macos-x86_64

Version: 1.0.1
Check: data for non-ASCII characters
Result: NOTE
     Note: found 189 marked UTF-8 strings
Flavors: r-devel-linux-x86_64-fedora-clang, r-devel-linux-x86_64-fedora-gcc, r-devel-windows-x86_64-new-TK, r-patched-solaris-x86, r-release-macos-arm64, r-release-macos-x86_64, r-oldrel-macos-x86_64