CRAN Package Check Results for Package spelling

Last updated on 2023-02-09 03:56:24 CET.

Flavor Version Tinstall Tcheck Ttotal Status Flags
r-devel-linux-x86_64-debian-clang 2.2 2.41 24.94 27.35 NOTE
r-devel-linux-x86_64-debian-gcc 2.2 2.10 19.12 21.22 NOTE
r-devel-linux-x86_64-fedora-clang 2.2 34.58 NOTE
r-devel-linux-x86_64-fedora-gcc 2.2 33.94 NOTE
r-devel-windows-x86_64 2.2 16.00 58.00 74.00 NOTE
r-patched-linux-x86_64 2.2 2.65 23.97 26.62 NOTE
r-release-linux-x86_64 2.2 2.42 25.08 27.50 NOTE
r-release-macos-arm64 2.2 18.00 NOTE
r-release-macos-x86_64 2.2 22.00 NOTE
r-release-windows-x86_64 2.2 20.00 56.00 76.00 NOTE
r-oldrel-macos-arm64 2.2 19.00 NOTE
r-oldrel-macos-x86_64 2.2 29.00 NOTE
r-oldrel-windows-ix86+x86_64 2.2 5.00 50.00 55.00 NOTE

Check Details

Version: 2.2
Check: LazyData
Result: NOTE
     'LazyData' is specified without a 'data' directory
Flavors: r-devel-linux-x86_64-debian-clang, r-devel-linux-x86_64-debian-gcc, r-devel-linux-x86_64-fedora-clang, r-devel-linux-x86_64-fedora-gcc, r-devel-windows-x86_64, r-patched-linux-x86_64, r-release-linux-x86_64, r-release-macos-arm64, r-release-macos-x86_64, r-release-windows-x86_64, r-oldrel-macos-arm64, r-oldrel-macos-x86_64, r-oldrel-windows-ix86+x86_64