Last updated on 2022-07-05 17:50:42 CEST.
Flavor | Version | Tinstall | Tcheck | Ttotal | Status | Flags |
---|---|---|---|---|---|---|
r-devel-linux-x86_64-debian-clang | 2.2 | 2.83 | 24.01 | 26.84 | NOTE | |
r-devel-linux-x86_64-debian-gcc | 2.2 | 2.13 | 19.18 | 21.31 | NOTE | |
r-devel-linux-x86_64-fedora-clang | 2.2 | 43.88 | NOTE | |||
r-devel-linux-x86_64-fedora-gcc | 2.2 | 42.72 | NOTE | |||
r-devel-windows-x86_64 | 2.2 | 13.00 | 52.00 | 65.00 | NOTE | |
r-patched-linux-x86_64 | 2.2 | 2.21 | 23.27 | 25.48 | NOTE | |
r-release-linux-x86_64 | 2.2 | 2.63 | 23.32 | 25.95 | NOTE | |
r-release-macos-arm64 | 2.2 | 18.00 | NOTE | |||
r-release-macos-x86_64 | 2.2 | 22.00 | NOTE | |||
r-release-windows-x86_64 | 2.2 | 17.00 | 50.00 | 67.00 | NOTE | |
r-oldrel-macos-arm64 | 2.2 | 19.00 | NOTE | |||
r-oldrel-macos-x86_64 | 2.2 | 29.00 | NOTE | |||
r-oldrel-windows-ix86+x86_64 | 2.2 | 6.00 | 40.00 | 46.00 | NOTE |
Version: 2.2
Check: LazyData
Result: NOTE
'LazyData' is specified without a 'data' directory
Flavors: r-devel-linux-x86_64-debian-clang, r-devel-linux-x86_64-debian-gcc, r-devel-linux-x86_64-fedora-clang, r-devel-linux-x86_64-fedora-gcc, r-devel-windows-x86_64, r-patched-linux-x86_64, r-release-linux-x86_64, r-release-macos-arm64, r-release-macos-x86_64, r-release-windows-x86_64, r-oldrel-macos-arm64, r-oldrel-macos-x86_64, r-oldrel-windows-ix86+x86_64