Last updated on 2022-06-30 17:49:57 CEST.
Flavor | Version | Tinstall | Tcheck | Ttotal | Status | Flags |
---|---|---|---|---|---|---|
r-devel-windows-x86_64 | 2.0.0 | 40.00 | 65.00 | 105.00 | NOTE | |
r-release-windows-x86_64 | 2.0.0 | 41.00 | 64.00 | 105.00 | NOTE | |
r-oldrel-macos-arm64 | 2.0.0 | 54.00 | NOTE | |||
r-oldrel-windows-ix86+x86_64 | 2.0.0 | 11.00 | 59.00 | 70.00 | NOTE |
Version: 2.0.0
Check: LazyData
Result: NOTE
'LazyData' is specified without a 'data' directory
Flavors: r-devel-windows-x86_64, r-release-windows-x86_64, r-oldrel-macos-arm64, r-oldrel-windows-ix86+x86_64