CRAN Package Check Results for Package spdynmod

Last updated on 2021-12-09 11:51:45 CET.

Flavor Version Tinstall Tcheck Ttotal Status Flags
r-devel-linux-x86_64-debian-clang 1.1.5 23.55 225.07 248.62 NOTE
r-devel-linux-x86_64-debian-gcc 1.1.5 19.17 166.17 185.34 NOTE
r-devel-linux-x86_64-fedora-clang 1.1.5 298.25 NOTE
r-devel-linux-x86_64-fedora-gcc 1.1.5 287.92 NOTE
r-devel-windows-x86_64-new-UL 1.1.5 39.00 273.00 312.00 NOTE
r-devel-windows-x86_64-new-TK 1.1.5 NOTE
r-devel-windows-x86_64-old 1.1.5 35.00 177.00 212.00 NOTE
r-patched-linux-x86_64 1.1.5 19.98 218.42 238.40 NOTE
r-release-linux-x86_64 1.1.5 23.33 216.56 239.89 NOTE
r-release-macos-arm64 1.1.5 NOTE
r-release-macos-x86_64 1.1.5 NOTE
r-release-windows-ix86+x86_64 1.1.5 37.00 236.00 273.00 NOTE
r-oldrel-macos-x86_64 1.1.5 OK
r-oldrel-windows-ix86+x86_64 1.1.5 59.00 251.00 310.00 OK

Check Details

Version: 1.1.5
Check: LazyData
Result: NOTE
     'LazyData' is specified without a 'data' directory
Flavors: r-devel-linux-x86_64-debian-clang, r-devel-linux-x86_64-debian-gcc, r-devel-linux-x86_64-fedora-clang, r-devel-linux-x86_64-fedora-gcc, r-devel-windows-x86_64-new-UL, r-devel-windows-x86_64-new-TK, r-devel-windows-x86_64-old, r-patched-linux-x86_64, r-release-linux-x86_64, r-release-macos-arm64, r-release-macos-x86_64, r-release-windows-ix86+x86_64