CRAN Package Check Results for Package spatstat.random

Last updated on 2022-10-05 00:04:43 CEST.

Flavor Version Tinstall Tcheck Ttotal Status Flags
r-devel-linux-x86_64-debian-clang 2.2-0 30.17 166.95 197.12 NOTE
r-devel-linux-x86_64-debian-gcc 2.2-0 28.85 123.13 151.98 NOTE
r-devel-linux-x86_64-fedora-clang 2.2-0 253.13 NOTE
r-devel-linux-x86_64-fedora-gcc 2.2-0 250.82 NOTE
r-devel-windows-x86_64 2.2-0 158.00 227.00 385.00 OK
r-patched-linux-x86_64 2.2-0 38.27 156.78 195.05 NOTE
r-release-linux-x86_64 2.2-0 34.91 157.93 192.84 NOTE
r-release-macos-arm64 2.2-0 64.00 OK
r-release-macos-x86_64 2.2-0 90.00 OK
r-release-windows-x86_64 2.2-0 147.00 224.00 371.00 OK
r-oldrel-macos-arm64 2.2-0 56.00 OK
r-oldrel-macos-x86_64 2.2-0 100.00 OK
r-oldrel-windows-ix86+x86_64 2.2-0 84.00 275.00 359.00 OK

Check Details

Version: 2.2-0
Check: package dependencies
Result: NOTE
    Package suggested but not available for checking: 'RandomFields'
Flavors: r-devel-linux-x86_64-debian-clang, r-devel-linux-x86_64-debian-gcc, r-devel-linux-x86_64-fedora-clang, r-devel-linux-x86_64-fedora-gcc, r-patched-linux-x86_64, r-release-linux-x86_64

Version: 2.2-0
Check: Rd cross-references
Result: NOTE
    Unknown package 'RandomFields' in Rd xrefs
Flavors: r-devel-linux-x86_64-debian-clang, r-devel-linux-x86_64-debian-gcc, r-devel-linux-x86_64-fedora-clang, r-devel-linux-x86_64-fedora-gcc, r-patched-linux-x86_64, r-release-linux-x86_64