CRAN Package Check Results for Package sparsebnUtils

Last updated on 2021-09-24 04:51:57 CEST.

Flavor Version Tinstall Tcheck Ttotal Status Flags
r-devel-linux-x86_64-debian-clang 0.0.8 3.96 56.32 60.28 OK
r-devel-linux-x86_64-debian-gcc 0.0.8 3.82 43.31 47.13 OK
r-devel-linux-x86_64-fedora-clang 0.0.8 82.50 NOTE
r-devel-linux-x86_64-fedora-gcc 0.0.8 69.90 OK
r-devel-windows-x86_64 0.0.8 5.00 54.00 59.00 OK
r-devel-windows-x86_64-gcc10-UCRT 0.0.8 OK
r-patched-linux-x86_64 0.0.8 5.55 53.16 58.71 OK
r-patched-solaris-x86 0.0.8 95.80 OK
r-release-linux-x86_64 0.0.8 4.47 55.45 59.92 OK
r-release-macos-arm64 0.0.8 NOTE
r-release-macos-x86_64 0.0.8 OK
r-release-windows-ix86+x86_64 0.0.8 9.00 54.00 63.00 OK
r-oldrel-macos-x86_64 0.0.8 OK
r-oldrel-windows-ix86+x86_64 0.0.8 6.00 54.00 60.00 OK

Check Details

Version: 0.0.8
Check: Rd cross-references
Result: NOTE
    Undeclared package ‘sparsebn’ in Rd xrefs
Flavor: r-devel-linux-x86_64-fedora-clang

Version: 0.0.8
Check: package dependencies
Result: NOTE
    Package suggested but not available for checking: ‘RCy3’
Flavor: r-release-macos-arm64

Version: 0.0.8
Check: Rd cross-references
Result: NOTE
    Package unavailable to check Rd xrefs: ‘RCy3’
Flavor: r-release-macos-arm64