CRAN Package Check Results for Package sparseMatEst

Last updated on 2022-01-28 00:49:09 CET.

Flavor Version Tinstall Tcheck Ttotal Status Flags
r-devel-linux-x86_64-debian-clang 1.0.0 1.84 31.44 33.28 NOTE
r-devel-linux-x86_64-debian-gcc 1.0.0 1.82 24.01 25.83 NOTE
r-devel-linux-x86_64-fedora-clang 1.0.0 40.72 NOTE
r-devel-linux-x86_64-fedora-gcc 1.0.0 29.57 NOTE
r-devel-windows-x86_64-new-UL 1.0.0 38.00 47.00 85.00 NOTE
r-devel-windows-x86_64-new-TK 1.0.0 NOTE
r-patched-linux-x86_64 1.0.0 1.82 29.43 31.25 NOTE
r-release-linux-x86_64 1.0.0 1.56 29.29 30.85 NOTE
r-release-macos-arm64 1.0.0 NOTE
r-release-macos-x86_64 1.0.0 NOTE
r-release-windows-ix86+x86_64 1.0.0 5.00 28.00 33.00 NOTE
r-oldrel-macos-x86_64 1.0.0 OK
r-oldrel-windows-ix86+x86_64 1.0.0 4.00 28.00 32.00 OK

Check Details

Version: 1.0.0
Check: LazyData
Result: NOTE
     'LazyData' is specified without a 'data' directory
Flavors: r-devel-linux-x86_64-debian-clang, r-devel-linux-x86_64-debian-gcc, r-devel-linux-x86_64-fedora-clang, r-devel-linux-x86_64-fedora-gcc, r-devel-windows-x86_64-new-UL, r-devel-windows-x86_64-new-TK, r-patched-linux-x86_64, r-release-linux-x86_64, r-release-macos-arm64, r-release-macos-x86_64, r-release-windows-ix86+x86_64