Last updated on 2022-08-11 21:50:17 CEST.
Flavor | Version | Tinstall | Tcheck | Ttotal | Status | Flags |
---|---|---|---|---|---|---|
r-devel-linux-x86_64-debian-clang | 0.2.0.1 | 84.85 | 94.26 | 179.11 | OK | |
r-devel-linux-x86_64-debian-gcc | 0.2.0.1 | 68.97 | 71.98 | 140.95 | OK | |
r-devel-linux-x86_64-fedora-clang | 0.2.0.1 | 262.97 | NOTE | |||
r-devel-linux-x86_64-fedora-gcc | 0.2.0.1 | 230.48 | NOTE | |||
r-devel-windows-x86_64 | 0.2.0.1 | 70.00 | 141.00 | 211.00 | OK | |
r-patched-linux-x86_64 | 0.2.0.1 | 68.14 | 91.43 | 159.57 | OK | |
r-release-linux-x86_64 | 0.2.0.1 | 58.79 | 92.45 | 151.24 | OK | |
r-release-macos-arm64 | 0.2.0.1 | 62.00 | NOTE | |||
r-release-macos-x86_64 | 0.2.0.1 | 112.00 | NOTE | |||
r-release-windows-x86_64 | 0.2.0.1 | 158.00 | 137.00 | 295.00 | OK | |
r-oldrel-macos-arm64 | 0.2.0.1 | 69.00 | NOTE | |||
r-oldrel-macos-x86_64 | 0.2.0.1 | 120.00 | NOTE | |||
r-oldrel-windows-ix86+x86_64 | 0.2.0.1 | 189.00 | 157.00 | 346.00 | OK |
Version: 0.2.0.1
Check: installed package size
Result: NOTE
installed size is 14.6Mb
sub-directories of 1Mb or more:
libs 14.5Mb
Flavors: r-devel-linux-x86_64-fedora-clang, r-release-macos-arm64, r-release-macos-x86_64, r-oldrel-macos-arm64, r-oldrel-macos-x86_64
Version: 0.2.0.1
Check: compiled code
Result: NOTE
File ‘sparseLTSEigen/libs/sparseLTSEigen.so’:
Found no calls to: ‘R_registerRoutines’, ‘R_useDynamicSymbols’
It is good practice to register native routines and to disable symbol
search.
See ‘Writing portable packages’ in the ‘Writing R Extensions’ manual.
Flavors: r-devel-linux-x86_64-fedora-clang, r-devel-linux-x86_64-fedora-gcc