CRAN Package Check Results for Package sparkxgb

Last updated on 2022-01-29 00:48:56 CET.

Flavor Version Tinstall Tcheck Ttotal Status Flags
r-devel-linux-x86_64-debian-clang 0.1.1 9.72 70.36 80.08 NOTE
r-devel-linux-x86_64-debian-gcc 0.1.1 6.29 53.12 59.41 NOTE
r-devel-linux-x86_64-fedora-clang 0.1.1 90.65 NOTE
r-devel-linux-x86_64-fedora-gcc 0.1.1 77.36 NOTE
r-devel-windows-x86_64-new-UL 0.1.1 48.00 90.00 138.00 NOTE
r-devel-windows-x86_64-new-TK 0.1.1 NOTE
r-patched-linux-x86_64 0.1.1 13.11 62.25 75.36 NOTE
r-release-linux-x86_64 0.1.1 7.71 61.26 68.97 NOTE
r-release-macos-arm64 0.1.1 NOTE
r-release-macos-x86_64 0.1.1 NOTE
r-release-windows-ix86+x86_64 0.1.1 17.00 72.00 89.00 NOTE
r-oldrel-macos-x86_64 0.1.1 OK
r-oldrel-windows-ix86+x86_64 0.1.1 17.00 73.00 90.00 OK

Check Details

Version: 0.1.1
Check: LazyData
Result: NOTE
     'LazyData' is specified without a 'data' directory
Flavors: r-devel-linux-x86_64-debian-clang, r-devel-linux-x86_64-debian-gcc, r-devel-linux-x86_64-fedora-clang, r-devel-linux-x86_64-fedora-gcc, r-devel-windows-x86_64-new-UL, r-devel-windows-x86_64-new-TK, r-patched-linux-x86_64, r-release-linux-x86_64, r-release-macos-arm64, r-release-macos-x86_64, r-release-windows-ix86+x86_64