CRAN Package Check Results for Package spacesXYZ

Last updated on 2021-09-26 16:49:29 CEST.

Flavor Version Tinstall Tcheck Ttotal Status Flags
r-devel-linux-x86_64-debian-clang 1.1-1 3.80 47.28 51.08 OK
r-devel-linux-x86_64-debian-gcc 1.1-1 3.02 37.16 40.18 OK
r-devel-linux-x86_64-fedora-clang 1.1-1 71.52 NOTE
r-devel-linux-x86_64-fedora-gcc 1.1-1 60.47 OK
r-devel-windows-x86_64 1.1-1 6.00 54.00 60.00 OK
r-devel-windows-x86_64-gcc10-UCRT 1.1-1 OK
r-patched-linux-x86_64 1.1-1 4.48 46.28 50.76 OK
r-patched-solaris-x86 1.1-1 92.20 OK
r-release-linux-x86_64 1.1-1 3.47 48.00 51.47 OK
r-release-macos-arm64 1.1-1 OK
r-release-macos-x86_64 1.1-1 OK
r-release-windows-ix86+x86_64 1.1-1 8.00 54.00 62.00 OK
r-oldrel-macos-x86_64 1.1-1 OK
r-oldrel-windows-ix86+x86_64 1.1-1 31.00 53.00 84.00 OK

Check Details

Version: 1.1-1
Check: Rd cross-references
Result: NOTE
    Undeclared package ‘colorSpec’ in Rd xrefs
Flavor: r-devel-linux-x86_64-fedora-clang