CRAN Package Check Results for Package spacesRGB

Last updated on 2021-10-21 04:58:46 CEST.

Flavor Version Tinstall Tcheck Ttotal Status Flags
r-devel-linux-x86_64-debian-clang 1.3-0 5.87 56.15 62.02 NOTE
r-devel-linux-x86_64-debian-gcc 1.3-0 5.39 41.58 46.97 NOTE
r-devel-linux-x86_64-fedora-clang 1.3-0 84.27 NOTE
r-devel-linux-x86_64-fedora-gcc 1.3-0 73.40 NOTE
r-devel-windows-x86_64 1.3-0 11.00 65.00 76.00 NOTE
r-devel-windows-x86_64-gcc10-UCRT 1.3-0 NOTE
r-patched-linux-x86_64 1.3-0 7.26 53.64 60.90 NOTE
r-patched-solaris-x86 1.3-0 107.80 NOTE
r-release-linux-x86_64 1.3-0 5.95 53.24 59.19 NOTE
r-release-macos-arm64 1.3-0 NOTE
r-release-macos-x86_64 1.3-0 NOTE
r-release-windows-ix86+x86_64 1.3-0 10.00 74.00 84.00 NOTE
r-oldrel-macos-x86_64 1.3-0 OK
r-oldrel-windows-ix86+x86_64 1.3-0 12.00 76.00 88.00 OK

Check Details

Version: 1.3-0
Check: LazyData
Result: NOTE
     'LazyData' is specified without a 'data' directory
Flavors: r-devel-linux-x86_64-debian-clang, r-devel-linux-x86_64-debian-gcc, r-devel-linux-x86_64-fedora-clang, r-devel-linux-x86_64-fedora-gcc, r-devel-windows-x86_64, r-devel-windows-x86_64-gcc10-UCRT, r-patched-linux-x86_64, r-patched-solaris-x86, r-release-linux-x86_64, r-release-macos-arm64, r-release-macos-x86_64, r-release-windows-ix86+x86_64