Last updated on 2023-02-04 04:54:06 CET.
Flavor | Version | Tinstall | Tcheck | Ttotal | Status | Flags |
---|---|---|---|---|---|---|
r-devel-linux-x86_64-debian-clang | 1.0.0 | 21.57 | 47.81 | 69.38 | OK | |
r-devel-linux-x86_64-debian-gcc | 1.0.0 | 16.16 | 36.71 | 52.87 | OK | |
r-devel-linux-x86_64-fedora-clang | 1.0.0 | 99.89 | OK | |||
r-devel-linux-x86_64-fedora-gcc | 1.0.0 | 79.29 | OK | |||
r-devel-windows-x86_64 | 1.0.0 | 39.00 | 104.00 | 143.00 | OK | |
r-patched-linux-x86_64 | 1.0.0 | 15.53 | 44.55 | 60.08 | OK | |
r-release-linux-x86_64 | 1.0.0 | 15.50 | 46.14 | 61.64 | OK | |
r-release-macos-arm64 | 1.0.0 | 30.00 | OK | |||
r-release-macos-x86_64 | 1.0.0 | 41.00 | OK | |||
r-release-windows-x86_64 | 1.0.0 | 35.00 | 109.00 | 144.00 | OK | |
r-oldrel-macos-arm64 | 1.0.0 | 30.00 | OK | |||
r-oldrel-macos-x86_64 | 1.0.0 | 45.00 | OK | |||
r-oldrel-windows-ix86+x86_64 | 1.0.0 | 44.00 | 105.00 | 149.00 | NOTE |
Version: 1.0.0
Check: installed package size
Result: NOTE
installed size is 5.4Mb
sub-directories of 1Mb or more:
data 3.0Mb
libs 2.1Mb
Flavor: r-oldrel-windows-ix86+x86_64