CRAN Package Check Results for Package spCP

Last updated on 2021-07-29 19:52:42 CEST.

Flavor Version Tinstall Tcheck Ttotal Status Flags
r-devel-linux-x86_64-debian-clang 1.2 OK
r-devel-linux-x86_64-debian-gcc 1.2 169.81 178.05 347.86 OK
r-devel-linux-x86_64-fedora-clang 1.2 698.88 NOTE
r-devel-linux-x86_64-fedora-gcc 1.2 642.42 OK
r-devel-windows-x86_64 1.2 240.00 475.00 715.00 OK
r-devel-windows-x86_64-gcc10-UCRT 1.2 OK
r-patched-linux-x86_64 1.2 197.89 250.90 448.79 OK
r-patched-solaris-x86 1.2 844.00 OK
r-release-linux-x86_64 1.2 200.39 251.06 451.45 OK
r-release-macos-arm64 1.2 NOTE
r-release-macos-x86_64 1.2 NOTE
r-release-windows-ix86+x86_64 1.2 619.00 507.00 1126.00 OK
r-oldrel-macos-x86_64 1.2 NOTE
r-oldrel-windows-ix86+x86_64 1.2 475.00 492.00 967.00 OK

Check Details

Version: 1.2
Check: installed package size
Result: NOTE
     installed size is 8.7Mb
     sub-directories of 1Mb or more:
     libs 8.1Mb
Flavors: r-devel-linux-x86_64-fedora-clang, r-release-macos-arm64, r-release-macos-x86_64, r-oldrel-macos-x86_64