CRAN Package Check Results for Package soundecology

Last updated on 2021-06-16 21:51:57 CEST.

Flavor Version Tinstall Tcheck Ttotal Status Flags
r-devel-linux-x86_64-debian-clang 1.3.3 13.63 142.92 156.55 OK
r-devel-linux-x86_64-debian-gcc 1.3.3 11.70 108.23 119.93 OK
r-devel-linux-x86_64-fedora-clang 1.3.3 196.79 OK
r-devel-linux-x86_64-fedora-gcc 1.3.3 187.95 OK
r-devel-windows-x86_64 1.3.3 23.00 157.00 180.00 OK
r-devel-windows-x86_64-gcc10-UCRT 1.3.3 ERROR
r-patched-linux-x86_64 1.3.3 13.27 135.96 149.23 OK
r-patched-solaris-x86 1.3.3 286.50 OK
r-release-linux-x86_64 1.3.3 12.86 134.09 146.95 OK
r-release-macos-arm64 1.3.3 OK
r-release-macos-x86_64 1.3.3 OK
r-release-windows-ix86+x86_64 1.3.3 32.00 160.00 192.00 OK
r-oldrel-macos-x86_64 1.3.3 OK
r-oldrel-windows-ix86+x86_64 1.3.3 27.00 163.00 190.00 OK

Check Details

Version: 1.3.3
Check: package dependencies
Result: ERROR
    Package required but not available: 'oce'
    
    See section 'The DESCRIPTION file' in the 'Writing R Extensions'
    manual.
Flavor: r-devel-windows-x86_64-gcc10-UCRT