Last updated on 2023-02-04 04:54:05 CET.
Flavor | Version | Tinstall | Tcheck | Ttotal | Status | Flags |
---|---|---|---|---|---|---|
r-devel-linux-x86_64-debian-clang | 5.0 | 29.45 | 157.26 | 186.71 | NOTE | |
r-devel-linux-x86_64-debian-gcc | 5.0 | 23.40 | 113.75 | 137.15 | NOTE | |
r-devel-linux-x86_64-fedora-clang | 5.0 | 232.23 | NOTE | |||
r-devel-linux-x86_64-fedora-gcc | 5.0 | 239.17 | NOTE | |||
r-devel-windows-x86_64 | 5.0 | 195.00 | 185.00 | 380.00 | NOTE | |
r-patched-linux-x86_64 | 5.0 | 37.86 | 166.62 | 204.48 | OK | |
r-release-linux-x86_64 | 5.0 | 36.95 | 168.60 | 205.55 | OK | |
r-release-macos-arm64 | 5.0 | 122.00 | OK | |||
r-release-macos-x86_64 | 5.0 | 171.00 | OK | |||
r-release-windows-x86_64 | 5.0 | 180.00 | 204.00 | 384.00 | NOTE | |
r-oldrel-macos-arm64 | 5.0 | 112.00 | OK | |||
r-oldrel-macos-x86_64 | 5.0 | 132.00 | OK | |||
r-oldrel-windows-ix86+x86_64 | 5.0 | 57.00 | 166.00 | 223.00 | NOTE |
Version: 5.0
Check: Rd files
Result: NOTE
checkRd: (-1) llwrPTF.Rd:7: Escaped LaTeX specials: \&
Flavors: r-devel-linux-x86_64-debian-clang, r-devel-linux-x86_64-debian-gcc, r-devel-linux-x86_64-fedora-clang, r-devel-linux-x86_64-fedora-gcc, r-devel-windows-x86_64
Version: 5.0
Check: installed package size
Result: NOTE
installed size is 5.2Mb
sub-directories of 1Mb or more:
R 3.2Mb
doc 1.1Mb
Flavors: r-devel-linux-x86_64-fedora-clang, r-devel-windows-x86_64, r-release-windows-x86_64, r-oldrel-windows-ix86+x86_64