CRAN Package Check Results for Package sodium

Last updated on 2021-09-23 04:56:47 CEST.

Flavor Version Tinstall Tcheck Ttotal Status Flags
r-devel-linux-x86_64-debian-clang 1.1 4.79 26.24 31.03 OK
r-devel-linux-x86_64-debian-gcc 1.1 3.23 20.49 23.72 OK
r-devel-linux-x86_64-fedora-clang 1.1 47.23 NOTE
r-devel-linux-x86_64-fedora-gcc 1.1 36.58 NOTE
r-devel-windows-x86_64 1.1 10.00 42.00 52.00 OK
r-devel-windows-x86_64-gcc10-UCRT 1.1 ERROR
r-patched-linux-x86_64 1.1 3.88 25.57 29.45 OK
r-patched-solaris-x86 1.1 56.50 OK
r-release-linux-x86_64 1.1 3.98 25.97 29.95 OK
r-release-macos-arm64 1.1 OK
r-release-macos-x86_64 1.1 OK
r-release-windows-ix86+x86_64 1.1 21.00 41.00 62.00 OK
r-oldrel-macos-x86_64 1.1 OK
r-oldrel-windows-ix86+x86_64 1.1 40.00 41.00 81.00 OK

Check Details

Version: 1.1
Check: top-level files
Result: NOTE
    ‘configure’: /bin/bash is not portable
Flavors: r-devel-linux-x86_64-fedora-clang, r-devel-linux-x86_64-fedora-gcc

Version: 1.1
Check: whether package can be installed
Result: ERROR
    Installation failed.
Flavor: r-devel-windows-x86_64-gcc10-UCRT